{"id":567,"date":"2016-06-29T13:16:02","date_gmt":"2016-06-29T12:16:02","guid":{"rendered":"http:\/\/wordpress.gsgrebenstein.net\/?page_id=567"},"modified":"2022-12-14T16:53:40","modified_gmt":"2022-12-14T15:53:40","slug":"guetesiegel","status":"publish","type":"page","link":"https:\/\/altgsgrebenstein.de\/?page_id=567","title":{"rendered":"G\u00fctesiegel Berufs-und Studienorientierung"},"content":{"rendered":"<table style=\"border-collapse: collapse; width: 53.4768%;\">\n<tbody>\n<tr>\n<td style=\"width: 24.0066%;\"><a href=\"http:\/\/altgsgrebenstein.de\/wp-content\/uploads\/2020\/12\/Logo-Netzwerk-Berufswahl-Siegel.jpg\"><img decoding=\"async\" class=\"wp-image-12230 size-thumbnail alignright\" src=\"http:\/\/altgsgrebenstein.de\/wp-content\/uploads\/2020\/12\/Logo-Netzwerk-Berufswahl-Siegel-150x150.jpg\" alt=\"\" width=\"150\" height=\"150\" \/><\/a><\/td>\n<td style=\"width: 32.947%;\"><a href=\"http:\/\/altgsgrebenstein.de\/wp-content\/uploads\/2020\/12\/Guetesiegel-Logo.jpg\"><img decoding=\"async\" class=\"wp-image-12229 size-thumbnail alignright\" src=\"http:\/\/altgsgrebenstein.de\/wp-content\/uploads\/2020\/12\/Guetesiegel-Logo-150x150.jpg\" alt=\"\" width=\"150\" height=\"150\" srcset=\"https:\/\/altgsgrebenstein.de\/wp-content\/uploads\/2020\/12\/Guetesiegel-Logo-150x150.jpg 150w, https:\/\/altgsgrebenstein.de\/wp-content\/uploads\/2020\/12\/Guetesiegel-Logo-300x300.jpg 300w, https:\/\/altgsgrebenstein.de\/wp-content\/uploads\/2020\/12\/Guetesiegel-Logo-1024x1024.jpg 1024w, https:\/\/altgsgrebenstein.de\/wp-content\/uploads\/2020\/12\/Guetesiegel-Logo-768x768.jpg 768w, https:\/\/altgsgrebenstein.de\/wp-content\/uploads\/2020\/12\/Guetesiegel-Logo-1536x1536.jpg 1536w, https:\/\/altgsgrebenstein.de\/wp-content\/uploads\/2020\/12\/Guetesiegel-Logo.jpg 1654w\" sizes=\"(max-width: 150px) 100vw, 150px\" \/><\/a><\/td>\n<\/tr>\n<\/tbody>\n<\/table>\n<p>Das <strong>&#8222;G\u00fctesiegel Berufs- und Studienorientierung Hessen&#8220;<\/strong> wird Schulen verliehen, die ihren Sch\u00fclern eine umfassende f\u00e4cher\u00fcbergreifende Berufs- und Studienorientierung bieten und die Berufswahlkompetenz der Jugendlichen vorbildlich f\u00f6rdern.<\/p>\n<p>Als \u201cSchule mit vorbildlicher Berufs- und Studienorientierung\u201d d\u00fcrfen wir dieses G\u00fctesiegel f\u00fchren.<\/p>\n<p><a href=\"http:\/\/www.olov-hessen.de\/guetesiegel\/\" target=\"_blank\" rel=\"noopener noreferrer\">G\u00fctesiegel Berufs- und Studienorientierung Hessen (Homepage)<\/a><\/p>\n<p><span style=\"font-size: 18pt;\"><strong>Und nun zum VIERTEN Mal in Folge &#8211; Oberursel 2022<\/strong><\/span><\/p>\n<div class=\"entry-content\">\n<p><strong>Dritte Re-Zertifizierung: Eine feste Konstante an der Heinrich-Grupe-Schule<\/strong><\/p>\n<p><img decoding=\"async\" class=\"alignnone size-full wp-image-14871\" src=\"http:\/\/altgsgrebenstein.de\/wp-content\/uploads\/2022\/10\/Siegelfeier-BO-Heinrich-Grupe-Schule-2022-klein.jpg\" alt=\"\" width=\"574\" height=\"488\" srcset=\"https:\/\/altgsgrebenstein.de\/wp-content\/uploads\/2022\/10\/Siegelfeier-BO-Heinrich-Grupe-Schule-2022-klein.jpg 574w, https:\/\/altgsgrebenstein.de\/wp-content\/uploads\/2022\/10\/Siegelfeier-BO-Heinrich-Grupe-Schule-2022-klein-300x255.jpg 300w\" sizes=\"(max-width: 574px) 100vw, 574px\" \/><\/p>\n<p><em>Jochen Feuring nahm f\u00fcr die HGS das \u201eG\u00fctesiegel BSO\u201c w\u00e4hrend der Siegelfeier entgegen.<\/em><\/p>\n<p>F\u00fcr ihr wirksames Konzept zur Vorbereitung auf die Studien- und Berufswelt wurde die\u00a0 HGS Grebenstein erneut \u2013 und das bereits zum vierten Mal \u2013 mit dem \u201eG\u00fctesiegel Berufs- und Studienorientierung\u201c ausgezeichnet. In der feierlichen Verleihung in Oberursel \u00fcberreichten Dr. Frank Martin, Vorsitzender der Gesch\u00e4ftsf\u00fchrung der Regionaldirektion Hessen der Bundesagentur f\u00fcr Arbeit, Dr. Mandy Pastohr, Abteilungsleiterin im Hessischen Ministerium f\u00fcr Wirtschaft, Energie, Verkehr und Wohnen, sowie Ulrike R\u00fcger, stellvertretende Abteilungsleiterin im Hessischen Kultusministerium, die Urkunden an die ausgezeichneten Schulen.<br \/>\n25 der rezertifizierten Schulen in Hessen haben die dritte Rezertifizierung erfolgreich durchlaufen, sie tragen das G\u00fctesiegel bereits seit elf Jahren. Diese Konstanz zeigt, dass Siegelschulen sich in einem kontinuierlichen Prozess der Evaluation und Weiterentwicklung befinden.<br \/>\nAlleinstellungsmerkmal der HGS: Aus der Region Nordhessen wurde die Dritte Rezertifizierung lediglich nur 5 Schulen zuteil. Dabei wurde die Heinrich-Grupe-Schule als einzige Schule n\u00f6rdlich von Kassel ausgezeichnet. Den Preis nahm Jochen Feuring \u2013 Schulleitungsmitglied und BO-Schulkoordinator \u2013 stellvertretend f\u00fcr die Schulgemeinde der HGS entgegen.<br \/>\nWirtschaftsminister Tarek Al-Wazir \u00fcbermittelte w\u00e4hrend der Siegelfier in Oberursel eine Video-Gru\u00dfbotschaft, da er leider verhindert war: \u201eUm Zukunfts\u00e4ngsten entgegen zu wirken, ist die richtige Vorbereitung unserer Jugendlichen auf das Abenteuer Berufs- und Arbeitswelt wichtiger denn je. Mit vielf\u00e4ltigen Informationen aber gerade auch mit gezielter, individueller Beratung bieten Sie konkrete Orientierung.\u201c<\/p>\n<\/div>\n<p><span style=\"font-size: 14pt;\"><strong>Dritte BSO-Zertifizierung:\u00a0 Die &#8222;Zweite Re-Zertifizierung&#8220; im Jahre 2017<\/strong><\/span><\/p>\n<figure id=\"attachment_12936\" aria-describedby=\"caption-attachment-12936\" style=\"width: 332px\" class=\"wp-caption alignnone\"><img decoding=\"async\" class=\" wp-image-12936\" src=\"http:\/\/altgsgrebenstein.de\/wp-content\/uploads\/2021\/01\/Foto-Guetesiegel-Ausschnitt-300x260.jpg\" alt=\"\" width=\"332\" height=\"288\" srcset=\"https:\/\/altgsgrebenstein.de\/wp-content\/uploads\/2021\/01\/Foto-Guetesiegel-Ausschnitt-300x260.jpg 300w, https:\/\/altgsgrebenstein.de\/wp-content\/uploads\/2021\/01\/Foto-Guetesiegel-Ausschnitt-768x667.jpg 768w, https:\/\/altgsgrebenstein.de\/wp-content\/uploads\/2021\/01\/Foto-Guetesiegel-Ausschnitt.jpg 863w\" sizes=\"(max-width: 332px) 100vw, 332px\" \/><figcaption id=\"caption-attachment-12936\" class=\"wp-caption-text\"><span style=\"font-size: 12pt;\"><strong>Jochen Feuring &amp; Bastian Koch freuen sich: Dritte G\u00fctesiegelverleihung durch den Hessischen Kultusminister Prof. Dr. Alexander Lorz<br \/><\/strong><\/span><\/figcaption><\/figure>\n<p>Am 14.09. 2017 wurde der HGS Grebenstein &#8211; vertreten durch Jochen Feuring und Bastian Koch &#8211; die <strong>dritte Urkunde im Bereich BSO<\/strong> verliehen &#8211; im Rahmen einer Feierstunde bei der IHK in Frankfurt\/M.<\/p>\n<p><strong><span style=\"font-size: 14pt;\">Erneute Auszeichnung<\/span> f\u00fcr Berufsorientierung &#8211; Heinrich-Grupe-Schule wurde <span style=\"font-size: 14pt;\">rezertifiziert &#8211; 2014<br \/>\n<\/span><\/strong>In einer Feierstunde im Berufsbildungswerk Karben \u00fcberreichten die Staatssekret\u00e4re Dr. Manfred L\u00f6sel und Mathias Samson gemeinsam mit dem Vorsitzenden der Gesch\u00e4ftsf\u00fchrung der Regionaldirektion Hessen der Bundesagentur f\u00fcr Arbeit, Dr. Frank Martin die Urkunden.<br \/>\n<a href=\"http:\/\/altgsgrebenstein.de\/wp-content\/uploads\/2020\/12\/Verleihung_Guetesiegel_Gruppenbild.jpg\"><img decoding=\"async\" class=\"alignnone wp-image-12319 \" src=\"http:\/\/altgsgrebenstein.de\/wp-content\/uploads\/2020\/12\/Verleihung_Guetesiegel_Gruppenbild-300x167.jpg\" alt=\"\" width=\"324\" height=\"181\" srcset=\"https:\/\/altgsgrebenstein.de\/wp-content\/uploads\/2020\/12\/Verleihung_Guetesiegel_Gruppenbild-300x167.jpg 300w, https:\/\/altgsgrebenstein.de\/wp-content\/uploads\/2020\/12\/Verleihung_Guetesiegel_Gruppenbild.jpg 744w\" sizes=\"(max-width: 324px) 100vw, 324px\" \/><\/a><a href=\"http:\/\/altgsgrebenstein.de\/wp-content\/uploads\/2020\/12\/Verleihung_Guetesiegel_HGS.jpg\"><img decoding=\"async\" class=\"alignnone wp-image-12320\" src=\"http:\/\/altgsgrebenstein.de\/wp-content\/uploads\/2020\/12\/Verleihung_Guetesiegel_HGS-300x200.jpg\" alt=\"\" width=\"269\" height=\"179\" srcset=\"https:\/\/altgsgrebenstein.de\/wp-content\/uploads\/2020\/12\/Verleihung_Guetesiegel_HGS-300x200.jpg 300w, https:\/\/altgsgrebenstein.de\/wp-content\/uploads\/2020\/12\/Verleihung_Guetesiegel_HGS-768x512.jpg 768w, https:\/\/altgsgrebenstein.de\/wp-content\/uploads\/2020\/12\/Verleihung_Guetesiegel_HGS.jpg 777w\" sizes=\"(max-width: 269px) 100vw, 269px\" \/><\/a><br \/>\nJ\u00f6rg Koch (Schulleitungsmitglied) und Jochen Feuring (Fachbereichsleitung Arbeitslehre) nahmen die Auszeichnung f\u00fcr die Schule entgegen.<br \/>\n<a href=\"http:\/\/altgsgrebenstein.de\/wp-content\/uploads\/2020\/12\/Guetesiegel_Studien-_und_Berufsorientierung_HNA_Artikel_vom_18.11.14.pdf\">HNA-Artikel vom 18.11.2014<\/a><\/p>\n<p>Mit dem &#8222;G\u00fctesiegel Berufsorientierung&#8220; wurde die HGS erstmals am 06.09.2011 ausgezeichnet.<br \/>\n<a href=\"http:\/\/altgsgrebenstein.de\/wp-content\/uploads\/2020\/12\/Verleihung_Guetesiegel_Berufsorientierung_2011.pdf\">Verleihung G\u00fctesiegel Berufsorientierung 2011<\/a><\/p>\n","protected":false},"excerpt":{"rendered":"<p>Das &#8222;G\u00fctesiegel Berufs- und Studienorientierung Hessen&#8220; wird Schulen verliehen, die ihren Sch\u00fclern eine umfassende f\u00e4cher\u00fcbergreifende Berufs- und Studienorientierung bieten und die Berufswahlkompetenz der Jugendlichen vorbildlich f\u00f6rdern. Als \u201cSchule mit vorbildlicher Berufs- und Studienorientierung\u201d d\u00fcrfen wir dieses G\u00fctesiegel f\u00fchren. G\u00fctesiegel Berufs- und Studienorientierung Hessen (Homepage) Und nun zum VIERTEN Mal in Folge &#8211; Oberursel 2022 Dritte &hellip; <a href=\"https:\/\/altgsgrebenstein.de\/?page_id=567\" class=\"more-link\"><span class=\"screen-reader-text\">G\u00fctesiegel Berufs-und Studienorientierung<\/span> weiterlesen <span class=\"meta-nav\">&rarr;<\/span><\/a><\/p>\n","protected":false},"author":10,"featured_media":0,"parent":0,"menu_order":0,"comment_status":"closed","ping_status":"closed","template":"","meta":{"saved_in_kubio":false,"footnotes":""},"class_list":["post-567","page","type-page","status-publish","hentry"],"kubio_ai_page_context":{"short_desc":"","purpose":"general"},"_links":{"self":[{"href":"https:\/\/altgsgrebenstein.de\/index.php?rest_route=\/wp\/v2\/pages\/567","targetHints":{"allow":["GET"]}}],"collection":[{"href":"https:\/\/altgsgrebenstein.de\/index.php?rest_route=\/wp\/v2\/pages"}],"about":[{"href":"https:\/\/altgsgrebenstein.de\/index.php?rest_route=\/wp\/v2\/types\/page"}],"author":[{"embeddable":true,"href":"https:\/\/altgsgrebenstein.de\/index.php?rest_route=\/wp\/v2\/users\/10"}],"replies":[{"embeddable":true,"href":"https:\/\/altgsgrebenstein.de\/index.php?rest_route=%2Fwp%2Fv2%2Fcomments&post=567"}],"version-history":[{"count":16,"href":"https:\/\/altgsgrebenstein.de\/index.php?rest_route=\/wp\/v2\/pages\/567\/revisions"}],"predecessor-version":[{"id":15081,"href":"https:\/\/altgsgrebenstein.de\/index.php?rest_route=\/wp\/v2\/pages\/567\/revisions\/15081"}],"wp:attachment":[{"href":"https:\/\/altgsgrebenstein.de\/index.php?rest_route=%2Fwp%2Fv2%2Fmedia&parent=567"}],"curies":[{"name":"wp","href":"https:\/\/api.w.org\/{rel}","templated":true}]}}

Gütesiegel Berufs-und Studienorientierung

<table style="border-collapse: collapse; width: 53.4768%;">
<tbody>
<tr>
<td style="width: 24.0066%;"><a href="http://altgsgrebenstein.de/wp-content/uploads/2020/12/Logo-Netzwerk-Berufswahl-Siegel.jpg"><img decoding="async" class="wp-image-12230 size-thumbnail alignright" src="http://altgsgrebenstein.de/wp-content/uploads/2020/12/Logo-Netzwerk-Berufswahl-Siegel-150x150.jpg" alt="" width="150" height="150" /></a></td>
<td style="width: 32.947%;"><a href="http://altgsgrebenstein.de/wp-content/uploads/2020/12/Guetesiegel-Logo.jpg"><img decoding="async" class="wp-image-12229 size-thumbnail alignright" src="http://altgsgrebenstein.de/wp-content/uploads/2020/12/Guetesiegel-Logo-150x150.jpg" alt="" width="150" height="150" srcset="https://altgsgrebenstein.de/wp-content/uploads/2020/12/Guetesiegel-Logo-150x150.jpg 150w, https://altgsgrebenstein.de/wp-content/uploads/2020/12/Guetesiegel-Logo-300x300.jpg 300w, https://altgsgrebenstein.de/wp-content/uploads/2020/12/Guetesiegel-Logo-1024x1024.jpg 1024w, https://altgsgrebenstein.de/wp-content/uploads/2020/12/Guetesiegel-Logo-768x768.jpg 768w, https://altgsgrebenstein.de/wp-content/uploads/2020/12/Guetesiegel-Logo-1536x1536.jpg 1536w, https://altgsgrebenstein.de/wp-content/uploads/2020/12/Guetesiegel-Logo.jpg 1654w" sizes="(max-width: 150px) 100vw, 150px" /></a></td>
</tr>
</tbody>
</table>
<p>Das <strong>&#8222;Gütesiegel Berufs- und Studienorientierung Hessen&#8220;</strong> wird Schulen verliehen, die ihren Schülern eine umfassende fächerübergreifende Berufs- und Studienorientierung bieten und die Berufswahlkompetenz der Jugendlichen vorbildlich fördern.</p>
<p>Als “Schule mit vorbildlicher Berufs- und Studienorientierung” dürfen wir dieses Gütesiegel führen.</p>
<p><a href="http://www.olov-hessen.de/guetesiegel/" target="_blank" rel="noopener noreferrer">Gütesiegel Berufs- und Studienorientierung Hessen (Homepage)</a></p>
<p><span style="font-size: 18pt;"><strong>Und nun zum VIERTEN Mal in Folge &#8211; Oberursel 2022</strong></span></p>
<div class="entry-content">
<p><strong>Dritte Re-Zertifizierung: Eine feste Konstante an der Heinrich-Grupe-Schule</strong></p>
<p><img decoding="async" class="alignnone size-full wp-image-14871" src="http://altgsgrebenstein.de/wp-content/uploads/2022/10/Siegelfeier-BO-Heinrich-Grupe-Schule-2022-klein.jpg" alt="" width="574" height="488" srcset="https://altgsgrebenstein.de/wp-content/uploads/2022/10/Siegelfeier-BO-Heinrich-Grupe-Schule-2022-klein.jpg 574w, https://altgsgrebenstein.de/wp-content/uploads/2022/10/Siegelfeier-BO-Heinrich-Grupe-Schule-2022-klein-300x255.jpg 300w" sizes="(max-width: 574px) 100vw, 574px" /></p>
<p><em>Jochen Feuring nahm für die HGS das „Gütesiegel BSO“ während der Siegelfeier entgegen.</em></p>
<p>Für ihr wirksames Konzept zur Vorbereitung auf die Studien- und Berufswelt wurde die  HGS Grebenstein erneut – und das bereits zum vierten Mal – mit dem „Gütesiegel Berufs- und Studienorientierung“ ausgezeichnet. In der feierlichen Verleihung in Oberursel überreichten Dr. Frank Martin, Vorsitzender der Geschäftsführung der Regionaldirektion Hessen der Bundesagentur für Arbeit, Dr. Mandy Pastohr, Abteilungsleiterin im Hessischen Ministerium für Wirtschaft, Energie, Verkehr und Wohnen, sowie Ulrike Rüger, stellvertretende Abteilungsleiterin im Hessischen Kultusministerium, die Urkunden an die ausgezeichneten Schulen.<br />
25 der rezertifizierten Schulen in Hessen haben die dritte Rezertifizierung erfolgreich durchlaufen, sie tragen das Gütesiegel bereits seit elf Jahren. Diese Konstanz zeigt, dass Siegelschulen sich in einem kontinuierlichen Prozess der Evaluation und Weiterentwicklung befinden.<br />
Alleinstellungsmerkmal der HGS: Aus der Region Nordhessen wurde die Dritte Rezertifizierung lediglich nur 5 Schulen zuteil. Dabei wurde die Heinrich-Grupe-Schule als einzige Schule nördlich von Kassel ausgezeichnet. Den Preis nahm Jochen Feuring – Schulleitungsmitglied und BO-Schulkoordinator – stellvertretend für die Schulgemeinde der HGS entgegen.<br />
Wirtschaftsminister Tarek Al-Wazir übermittelte während der Siegelfier in Oberursel eine Video-Grußbotschaft, da er leider verhindert war: „Um Zukunftsängsten entgegen zu wirken, ist die richtige Vorbereitung unserer Jugendlichen auf das Abenteuer Berufs- und Arbeitswelt wichtiger denn je. Mit vielfältigen Informationen aber gerade auch mit gezielter, individueller Beratung bieten Sie konkrete Orientierung.“</p>
</div>
<p><span style="font-size: 14pt;"><strong>Dritte BSO-Zertifizierung:  Die &#8222;Zweite Re-Zertifizierung&#8220; im Jahre 2017</strong></span></p>
<figure id="attachment_12936" aria-describedby="caption-attachment-12936" style="width: 332px" class="wp-caption alignnone"><img decoding="async" class=" wp-image-12936" src="http://altgsgrebenstein.de/wp-content/uploads/2021/01/Foto-Guetesiegel-Ausschnitt-300x260.jpg" alt="" width="332" height="288" srcset="https://altgsgrebenstein.de/wp-content/uploads/2021/01/Foto-Guetesiegel-Ausschnitt-300x260.jpg 300w, https://altgsgrebenstein.de/wp-content/uploads/2021/01/Foto-Guetesiegel-Ausschnitt-768x667.jpg 768w, https://altgsgrebenstein.de/wp-content/uploads/2021/01/Foto-Guetesiegel-Ausschnitt.jpg 863w" sizes="(max-width: 332px) 100vw, 332px" /><figcaption id="caption-attachment-12936" class="wp-caption-text"><span style="font-size: 12pt;"><strong>Jochen Feuring &amp; Bastian Koch freuen sich: Dritte Gütesiegelverleihung durch den Hessischen Kultusminister Prof. Dr. Alexander Lorz<br /></strong></span></figcaption></figure>
<p>Am 14.09. 2017 wurde der HGS Grebenstein &#8211; vertreten durch Jochen Feuring und Bastian Koch &#8211; die <strong>dritte Urkunde im Bereich BSO</strong> verliehen &#8211; im Rahmen einer Feierstunde bei der IHK in Frankfurt/M.</p>
<p><strong><span style="font-size: 14pt;">Erneute Auszeichnung</span> für Berufsorientierung &#8211; Heinrich-Grupe-Schule wurde <span style="font-size: 14pt;">rezertifiziert &#8211; 2014<br />
</span></strong>In einer Feierstunde im Berufsbildungswerk Karben überreichten die Staatssekretäre Dr. Manfred Lösel und Mathias Samson gemeinsam mit dem Vorsitzenden der Geschäftsführung der Regionaldirektion Hessen der Bundesagentur für Arbeit, Dr. Frank Martin die Urkunden.<br />
<a href="http://altgsgrebenstein.de/wp-content/uploads/2020/12/Verleihung_Guetesiegel_Gruppenbild.jpg"><img decoding="async" class="alignnone wp-image-12319 " src="http://altgsgrebenstein.de/wp-content/uploads/2020/12/Verleihung_Guetesiegel_Gruppenbild-300x167.jpg" alt="" width="324" height="181" srcset="https://altgsgrebenstein.de/wp-content/uploads/2020/12/Verleihung_Guetesiegel_Gruppenbild-300x167.jpg 300w, https://altgsgrebenstein.de/wp-content/uploads/2020/12/Verleihung_Guetesiegel_Gruppenbild.jpg 744w" sizes="(max-width: 324px) 100vw, 324px" /></a><a href="http://altgsgrebenstein.de/wp-content/uploads/2020/12/Verleihung_Guetesiegel_HGS.jpg"><img decoding="async" class="alignnone wp-image-12320" src="http://altgsgrebenstein.de/wp-content/uploads/2020/12/Verleihung_Guetesiegel_HGS-300x200.jpg" alt="" width="269" height="179" srcset="https://altgsgrebenstein.de/wp-content/uploads/2020/12/Verleihung_Guetesiegel_HGS-300x200.jpg 300w, https://altgsgrebenstein.de/wp-content/uploads/2020/12/Verleihung_Guetesiegel_HGS-768x512.jpg 768w, https://altgsgrebenstein.de/wp-content/uploads/2020/12/Verleihung_Guetesiegel_HGS.jpg 777w" sizes="(max-width: 269px) 100vw, 269px" /></a><br />
Jörg Koch (Schulleitungsmitglied) und Jochen Feuring (Fachbereichsleitung Arbeitslehre) nahmen die Auszeichnung für die Schule entgegen.<br />
<a href="http://altgsgrebenstein.de/wp-content/uploads/2020/12/Guetesiegel_Studien-_und_Berufsorientierung_HNA_Artikel_vom_18.11.14.pdf">HNA-Artikel vom 18.11.2014</a></p>
<p>Mit dem &#8222;Gütesiegel Berufsorientierung&#8220; wurde die HGS erstmals am 06.09.2011 ausgezeichnet.<br />
<a href="http://altgsgrebenstein.de/wp-content/uploads/2020/12/Verleihung_Guetesiegel_Berufsorientierung_2011.pdf">Verleihung Gütesiegel Berufsorientierung 2011</a></p>

<p>Das &#8222;Gütesiegel Berufs- und Studienorientierung Hessen&#8220; wird Schulen verliehen, die ihren Schülern eine umfassende fächerübergreifende Berufs- und Studienorientierung bieten und die Berufswahlkompetenz der Jugendlichen vorbildlich fördern. Als “Schule mit vorbildlicher Berufs- und Studienorientierung” dürfen wir dieses Gütesiegel führen. Gütesiegel Berufs- und Studienorientierung Hessen (Homepage) Und nun zum VIERTEN Mal in Folge &#8211; Oberursel 2022 Dritte &hellip; <a href="https://altgsgrebenstein.de/?page_id=567" class="more-link"><span class="screen-reader-text">Gütesiegel Berufs-und Studienorientierung</span> weiterlesen <span class="meta-nav">&rarr;</span></a></p>
