{"id":565,"date":"2016-06-29T13:15:37","date_gmt":"2016-06-29T12:15:37","guid":{"rendered":"http:\/\/wordpress.gsgrebenstein.net\/?page_id=565"},"modified":"2025-05-16T08:43:26","modified_gmt":"2025-05-16T07:43:26","slug":"cafe-beruf","status":"publish","type":"page","link":"https:\/\/altgsgrebenstein.de\/?page_id=565","title":{"rendered":"Caf\u00e9 Beruf"},"content":{"rendered":"<p style=\"text-align: center;\"><strong>Das Caf\u00e9 Beruf an der Heinrich-Grupe-Schule<\/strong><\/p>\n<p>Zu unserem Caf\u00e9-Beruf laden wir <strong>seit 2003<\/strong> regelm\u00e4\u00dfig vier Firmenvertreter mit ihren Azubis und unsere Vorabg\u00e4nger\/ innen aller Schulzweige mit ihren Eltern ein.<br \/>\nHier haben unsere Sch\u00fclerinnen und Sch\u00fcler, sowie ihre Eltern, Klassen- und Arbeitslehrelehrer\/ innen die M\u00f6glichkeit in ihrem bekannten Umfeld unserer Schule der Arbeitswelt gegen\u00fcber zu treten, Erfahrungen zu sammeln und Fragen zu stellen.<br \/>\nDie Betriebe\/ Institutionen geben einen Einblick in ihre t\u00e4gliche Arbeit, pr\u00e4sentieren ihre Ausbildungsm\u00f6glichkeiten und informieren \u00fcber Aufstiegs- und Karrierechancen. Besonders wirksam sind dabei authentische \u00c4u\u00dferungen und Bewertungen der Chefs \/ Ausbilder zu ihren Auswahlkriterien und Normen, praktische Mitmachangebote sowie der unmittelbare Kontakt zu den Azubis.<\/p>\n<p>Teilnehmende Sch\u00fclerinnen und Sch\u00fcler erhalten f\u00fcr diese Veranstaltung ein Zertifikat.<\/p>\n<p><strong><span style=\"text-decoration: underline;\">Interesse an aktiver Teilnahme<\/span>?<br \/>\nSie<\/strong> leiten einen Betrieb oder eine Institution in der Region und sind an einer Teilnahme an unserem Caf\u00e9-Beruf interessiert? Bitte wenden <strong>Sie<\/strong> sich telefonisch oder per Email unter dem Stichwort \u201eCaf\u00e9-Beruf\u201c an unser Schulsekretariat.<br \/>\nSehr gern senden wir Ihnen weitere Informationen zu und\/ oder organisieren Ihre Teilnahme.<\/p>\n<p><strong>Leitungsteam\/ Ansprechparterinnen:<\/strong><br \/>\n<strong>Nina Gilfert &amp; Merve Aydin<\/strong><\/p>\n<p>Hier finden Sie\u00a0 <strong>Kurzberichte<\/strong> zu einigen der vergangenen Caf\u00e9-Beruf-Veranstaltungen:<\/p>\n<p><a href=\"http:\/\/altgsgrebenstein.de\/wp-content\/uploads\/2022\/12\/Cafe-Beruf-Nr.-36-2022.pdf\">Caf\u00e9 Beruf Nr. 36 &#8211; 2022<\/a><br \/>\n<a href=\"http:\/\/altgsgrebenstein.de\/?p=4589\">32. Caf\u00e9 Beruf<br \/>\n<\/a><a href=\"http:\/\/altgsgrebenstein.de\/?p=3960\">31. Caf\u00e9 Beruf<\/a><br \/>\n<a href=\"http:\/\/altgsgrebenstein.de\/?p=2901\">29. Caf\u00e9 Beruf<\/a><\/p>\n<p>&nbsp;<\/p>\n<p><a href=\"http:\/\/altgsgrebenstein.de\/?page_id=755\">Bisherige Teilnehmer am Caf\u00e9 Beruf<\/a><\/p>\n","protected":false},"excerpt":{"rendered":"<p>Das Caf\u00e9 Beruf an der Heinrich-Grupe-Schule Zu unserem Caf\u00e9-Beruf laden wir seit 2003 regelm\u00e4\u00dfig vier Firmenvertreter mit ihren Azubis und unsere Vorabg\u00e4nger\/ innen aller Schulzweige mit ihren Eltern ein. Hier haben unsere Sch\u00fclerinnen und Sch\u00fcler, sowie ihre Eltern, Klassen- und Arbeitslehrelehrer\/ innen die M\u00f6glichkeit in ihrem bekannten Umfeld unserer Schule der Arbeitswelt gegen\u00fcber zu treten, &hellip; <a href=\"https:\/\/altgsgrebenstein.de\/?page_id=565\" class=\"more-link\"><span class=\"screen-reader-text\">Caf\u00e9 Beruf<\/span> weiterlesen <span class=\"meta-nav\">&rarr;<\/span><\/a><\/p>\n","protected":false},"author":28,"featured_media":0,"parent":0,"menu_order":0,"comment_status":"closed","ping_status":"closed","template":"","meta":{"saved_in_kubio":false,"footnotes":""},"class_list":["post-565","page","type-page","status-publish","hentry"],"kubio_ai_page_context":{"short_desc":"","purpose":"general"},"_links":{"self":[{"href":"https:\/\/altgsgrebenstein.de\/index.php?rest_route=\/wp\/v2\/pages\/565","targetHints":{"allow":["GET"]}}],"collection":[{"href":"https:\/\/altgsgrebenstein.de\/index.php?rest_route=\/wp\/v2\/pages"}],"about":[{"href":"https:\/\/altgsgrebenstein.de\/index.php?rest_route=\/wp\/v2\/types\/page"}],"author":[{"embeddable":true,"href":"https:\/\/altgsgrebenstein.de\/index.php?rest_route=\/wp\/v2\/users\/28"}],"replies":[{"embeddable":true,"href":"https:\/\/altgsgrebenstein.de\/index.php?rest_route=%2Fwp%2Fv2%2Fcomments&post=565"}],"version-history":[{"count":22,"href":"https:\/\/altgsgrebenstein.de\/index.php?rest_route=\/wp\/v2\/pages\/565\/revisions"}],"predecessor-version":[{"id":18144,"href":"https:\/\/altgsgrebenstein.de\/index.php?rest_route=\/wp\/v2\/pages\/565\/revisions\/18144"}],"wp:attachment":[{"href":"https:\/\/altgsgrebenstein.de\/index.php?rest_route=%2Fwp%2Fv2%2Fmedia&parent=565"}],"curies":[{"name":"wp","href":"https:\/\/api.w.org\/{rel}","templated":true}]}}

Café Beruf

<p style="text-align: center;"><strong>Das Café Beruf an der Heinrich-Grupe-Schule</strong></p>
<p>Zu unserem Café-Beruf laden wir <strong>seit 2003</strong> regelmäßig vier Firmenvertreter mit ihren Azubis und unsere Vorabgänger/ innen aller Schulzweige mit ihren Eltern ein.<br />
Hier haben unsere Schülerinnen und Schüler, sowie ihre Eltern, Klassen- und Arbeitslehrelehrer/ innen die Möglichkeit in ihrem bekannten Umfeld unserer Schule der Arbeitswelt gegenüber zu treten, Erfahrungen zu sammeln und Fragen zu stellen.<br />
Die Betriebe/ Institutionen geben einen Einblick in ihre tägliche Arbeit, präsentieren ihre Ausbildungsmöglichkeiten und informieren über Aufstiegs- und Karrierechancen. Besonders wirksam sind dabei authentische Äußerungen und Bewertungen der Chefs / Ausbilder zu ihren Auswahlkriterien und Normen, praktische Mitmachangebote sowie der unmittelbare Kontakt zu den Azubis.</p>
<p>Teilnehmende Schülerinnen und Schüler erhalten für diese Veranstaltung ein Zertifikat.</p>
<p><strong><span style="text-decoration: underline;">Interesse an aktiver Teilnahme</span>?<br />
Sie</strong> leiten einen Betrieb oder eine Institution in der Region und sind an einer Teilnahme an unserem Café-Beruf interessiert? Bitte wenden <strong>Sie</strong> sich telefonisch oder per Email unter dem Stichwort „Café-Beruf“ an unser Schulsekretariat.<br />
Sehr gern senden wir Ihnen weitere Informationen zu und/ oder organisieren Ihre Teilnahme.</p>
<p><strong>Leitungsteam/ Ansprechparterinnen:</strong><br />
<strong>Nina Gilfert &amp; Merve Aydin</strong></p>
<p>Hier finden Sie  <strong>Kurzberichte</strong> zu einigen der vergangenen Café-Beruf-Veranstaltungen:</p>
<p><a href="http://altgsgrebenstein.de/wp-content/uploads/2022/12/Cafe-Beruf-Nr.-36-2022.pdf">Café Beruf Nr. 36 &#8211; 2022</a><br />
<a href="http://altgsgrebenstein.de/?p=4589">32. Café Beruf<br />
</a><a href="http://altgsgrebenstein.de/?p=3960">31. Café Beruf</a><br />
<a href="http://altgsgrebenstein.de/?p=2901">29. Café Beruf</a></p>
<p>&nbsp;</p>
<p><a href="http://altgsgrebenstein.de/?page_id=755">Bisherige Teilnehmer am Café Beruf</a></p>

<p>Das Café Beruf an der Heinrich-Grupe-Schule Zu unserem Café-Beruf laden wir seit 2003 regelmäßig vier Firmenvertreter mit ihren Azubis und unsere Vorabgänger/ innen aller Schulzweige mit ihren Eltern ein. Hier haben unsere Schülerinnen und Schüler, sowie ihre Eltern, Klassen- und Arbeitslehrelehrer/ innen die Möglichkeit in ihrem bekannten Umfeld unserer Schule der Arbeitswelt gegenüber zu treten, &hellip; <a href="https://altgsgrebenstein.de/?page_id=565" class="more-link"><span class="screen-reader-text">Café Beruf</span> weiterlesen <span class="meta-nav">&rarr;</span></a></p>
