{"id":209,"date":"2016-06-19T20:13:06","date_gmt":"2016-06-19T19:13:06","guid":{"rendered":"http:\/\/wordpress.gsgrebenstein.net\/?page_id=209"},"modified":"2025-08-27T17:59:31","modified_gmt":"2025-08-27T16:59:31","slug":"speiseplaene","status":"publish","type":"page","link":"https:\/\/altgsgrebenstein.de\/?page_id=209","title":{"rendered":"Speisepl\u00e4ne"},"content":{"rendered":"<p>&nbsp;<\/p>\n<p><span style=\"color: #3366ff; font-family: arial,helvetica,sans-serif;\"><strong>Wichtige Information zum neuen Schuljahr 2025\/ 26<\/strong><\/span><\/p>\n<p>Liebe Lernende, liebes Kollegium, liebe Mitarbeiterinnen,<br \/>\nliebe G\u00e4ste der Mensa,<\/p>\n<p>wir, der Vorstand des F\u00f6rdervereins und die Mitarbeiterinnen der Mensa freuen uns, Sie und euch nach den Sommerferien wieder in unserer sch\u00f6nen Mensa begr\u00fc\u00dfen zu k\u00f6nnen.<\/p>\n<p><span style=\"color: #3366ff;\"><strong>Die \u00d6ffnungszeiten sind wieder wie gewohnt:<br \/>\n<\/strong><\/span><strong style=\"color: #3366ff;\">Montag \u2013 Donnerstag:\u00a0\u00a0\u00a0\u00a0 07.30 \u2013 14.30 Uhr<br \/>\n<\/strong><span style=\"color: #3366ff;\"><strong>Freitag:\u00a0 \u00a0 \u00a0 \u00a0 \u00a0 \u00a0 \u00a0 \u00a0 \u00a0 \u00a0 \u00a0 \u00a0 \u00a0 \u00a0 \u00a0 \u00a0 \u00a0 \u00a0 07.30 \u2013 13.45 Uhr<\/strong><\/span><strong>. <\/strong><\/p>\n<p><span style=\"color: #ff0000; font-size: 18pt;\"><strong>Bestellung von warmen Mittagessen, Tagesangeboten und Salattellern vom Speiseplan!<\/strong><\/span><\/p>\n<p>Wir bitten die oben angegebenen Essen bis sp\u00e4testens <strong>09.30 Uhr am Vortag<\/strong> in der Mensa am seitlichen Fenster direkt neben dem Wasserspender zu bestellen.<\/p>\n<p><strong>Gern k\u00f6nnen Sie auch f\u00fcr 2 Wochen im Voraus bestellen!<\/strong> Denken Sie bitte daran, Ihren Kindern dann die Essenmarken mitzugeben<\/p>\n<p>Sollte Ihr Kind <strong>erkranken<\/strong>, k\u00f6nnen Sie das Essen <strong>am 1. Tag der Erkrankung in der Mensa abholen<\/strong>. Aus Gr\u00fcnden der Nachhaltigkeit bitten wir Sie, einen Beh\u00e4lter zum Transport des Essens mitzubringen.<\/p>\n<p>Falls Ihr <strong>Kind l\u00e4nger erkrankt<\/strong> ist, k\u00f6nnen die weiteren schon bestellten Essen <strong>abbestellt<\/strong> werden. Sie bekommen gegen Vorlage der Essensmarken Ihr Geld zur\u00fcck.<\/p>\n<p>Das Essen k\u00f6nnen Sie telefonisch \u00fcber die Mensa \u2013 05674\/99 76 24 &#8211; abbestellen. Das Geld bekommen Sie gegen Vorlage der Essenmarken sp\u00e4ter ausbezahlt.<\/p>\n<p>In den gro\u00dfen Pausen k\u00f6nnen keine Essenmarken verkauft werden, da wir in diesen Zeitr\u00e4umen die Lernenden und Lehrkr\u00e4fte vorrangig beim Verkauf bedienen!<\/p>\n<p><strong>\u00a0<\/strong><strong>Mit freundlichen Gr\u00fc\u00dfen<br \/>\n<\/strong><strong>der Vorstand des F\u00f6rdervereins<\/strong><\/p>\n<p><strong><span style=\"color: #ff0000; font-size: 24pt;\">Speisepl\u00e4ne:<\/span><\/strong><\/p>\n<p><strong><span style=\"font-size: 18pt;\">Die Kosten f\u00fcr das warme Mittagessen<\/span><\/strong><\/p>\n<p><span style=\"font-size: 14pt; color: #ff0000;\"><span style=\"color: #000000;\">f\u00fcr Lernende:<\/span> 4,00 Euro<br \/>\n<\/span><span style=\"font-size: 14pt; color: #ff0000;\"><span style=\"color: #000000;\">f\u00fcr Erwachsene:<\/span> 4,80 Euro<\/span><\/p>\n<p><span style=\"font-size: 18pt; color: #ff0000;\">\u00a0Preiserh\u00f6hung zu 2. Halbjahr 23\/24:<br \/>\n<\/span><\/p>\n<p>Aufgrund der Erh\u00f6hung des Mindestlohnes und der erh\u00f6hten Kosten im Einkauf der Lebensmittel m\u00fcssen wir unsere Preise in der Mensa der HGS geringf\u00fcgig erh\u00f6hen. Damit hoffen wir, weiterhin in gewohnter Qualit\u00e4t unsere Lernenden w\u00e4hrend der Schulzeit und im Mittagsbereich zu versorgen.<\/p>\n<p>Die aktuellen Preise entnehmen sie bitte folgender Tabelle:<\/p>\n<p><a href=\"http:\/\/altgsgrebenstein.de\/wp-content\/uploads\/2024\/03\/Preisliste-HGS-Mensa.pdf\">Preisliste HGS Mensa<\/a><\/p>\n<p>Das Essen f\u00fcr das warme Mittagessen bleibt konstant bei 4,00 Euro und 4,80 Euro.<\/p>\n<p>Die w\u00f6chentlich wechselnden Snacks sind von der Preiserh\u00f6hung betroffen. Die Preise k\u00f6nnen der Tabelle entnommen werden.<\/p>\n<p>&nbsp;<\/p>\n<p><span style=\"color: #ff0000;\"><strong><span style=\"font-size: 18pt;\">Wichtiger Hinweis:<\/span><\/strong><\/span><\/p>\n<p><span style=\"font-size: 24px;\"><b>\u00c4nderung des Men\u00fcs am Mittwoch ab KW 49 zu entnehmen den Speisepl\u00e4nen.<\/b><\/span><\/p>\n<p>&nbsp;<\/p>\n<p><span style=\"font-size: 18pt;\"><strong><span style=\"color: #ff0000;\">2025\/2026\u00a0 &#8211; Aktuelle Speisepl\u00e4ne<\/span><\/strong><\/span><\/p>\n<p>19.05.25 &#8211; 23.05.25: <a href=\"http:\/\/altgsgrebenstein.de\/wp-content\/uploads\/2025\/02\/Speiseplan-21-KW-19.pdf\">Speiseplan 21 &#8211; KW-19<\/a><\/p>\n<p>26.05.25 &#8211; 28.05.25: <a href=\"http:\/\/altgsgrebenstein.de\/wp-content\/uploads\/2025\/02\/Speiseplan-22-KW-20.pdf\">Speiseplan 22 &#8211; KW-20<\/a><\/p>\n<p>02.06.25 &#8211; 06.06.25: <a href=\"http:\/\/altgsgrebenstein.de\/wp-content\/uploads\/2025\/05\/Speiseplan-1-KW-23-1.docx\">Speiseplan-1-KW-23<\/a><\/p>\n<p>09.06.25 &#8211; 13.06.25: <a href=\"http:\/\/altgsgrebenstein.de\/wp-content\/uploads\/2025\/05\/Speiseplan-2-KW-24-1.docx\">Speiseplan-2-KW-24<\/a><\/p>\n<p>16.06.25 &#8211; 20.06.25: <a href=\"http:\/\/altgsgrebenstein.de\/wp-content\/uploads\/2025\/05\/Speiseplan-3-KW-25-1.docx\">Speiseplan 3 &#8211; KW 25<\/a><\/p>\n<p>23.06.25 &#8211; 27.06.25:<a href=\"http:\/\/altgsgrebenstein.de\/wp-content\/uploads\/2025\/05\/Speiseplan-4-kW-26-1.docx\"> Speiseplan 4- kW 26<\/a><\/p>\n<p>30.06.25 &#8211; 04.07.25: <a href=\"http:\/\/altgsgrebenstein.de\/wp-content\/uploads\/2025\/05\/Speiseplan-vor-den-Ferien-KW-27-1.docx\">Speiseplan vor den Ferien KW 27<\/a><\/p>\n<p>&nbsp;<\/p>\n<p>&nbsp;<\/p>\n<p>Sommerferien: 07.07.25 &#8211; 15.08.25<\/p>\n<p>Aufgrund eines IT-Problems haben sich die Speisepl\u00e4ne nicht aktualisiert. Die Speisepl\u00e4ne f\u00fcr die KW 36 &#8211; 40 m\u00fcssten jetzt wieder einsehbar sein.<\/p>\n<p>18.08.25 &#8211; 22.08.25: <a href=\"http:\/\/altgsgrebenstein.de\/wp-content\/uploads\/2025\/05\/Speiseplan-5-KW-34-1.docx\">Speiseplan 5-KW 34<\/a><\/p>\n<p>25.08.25 &#8211; 29.08.25: <a href=\"http:\/\/altgsgrebenstein.de\/wp-content\/uploads\/2025\/05\/Speiseplan-6-KW-35-1.docx\">Speiseplan 6-KW 35<\/a><\/p>\n<p>01.09.25 &#8211; 05.09.25: <a href=\"http:\/\/altgsgrebenstein.de\/wp-content\/uploads\/2025\/08\/Speiseplan-7-KW-361.docx\">Speiseplan 7 KW 36(1)<\/a><\/p>\n<p>08.09.25 &#8211; 12.09.25: <a href=\"http:\/\/altgsgrebenstein.de\/wp-content\/uploads\/2025\/08\/Speiseplan-8-KW-371.docx\">Speiseplan 8 &#8211; KW 37(1)<\/a><\/p>\n<p>15.09.25 &#8211; 19.09.25: <a href=\"http:\/\/altgsgrebenstein.de\/wp-content\/uploads\/2025\/08\/Speiseplan-9-KW-381.docx\">Speiseplan 9 -KW 38(1)<\/a><\/p>\n<p>22.09.25 &#8211; 26.09.25: <a href=\"http:\/\/altgsgrebenstein.de\/wp-content\/uploads\/2025\/08\/Speiseplan-10-KW-391.docx\">Speiseplan 10-KW 39(1)<\/a><\/p>\n<p>29.09.25 &#8211; 02.10.25: <a href=\"http:\/\/altgsgrebenstein.de\/wp-content\/uploads\/2025\/08\/Speiseplan-11-KW-401.docx\">Speiseplan 11-KW 40(1)<\/a><\/p>\n<p>Herbstferien<\/p>\n<p>&nbsp;<\/p>\n<p>Die Allergene sind auf den Speisepl\u00e4nen anhand der Nummern (siehe unten Aushang Allergene) gekennzeichnet.<br \/>\nDie Zusatzstoffe ersehen Sie bitte unter den beiden Links, \u00dcbersicht der Zusatzstoffe und Tabelle Zusatzstoffe.<br \/>\nDes Weiteren h\u00e4ngen die kennzeichnungspflichtigen Zusatzstoffe in der Mensa, neben den Speisepl\u00e4nen, aus.<\/p>\n<p><a href=\"http:\/\/altgsgrebenstein.de\/wp-content\/uploads\/2020\/12\/Uebersicht-der-Zusatzstoffe.pdf\">\u00dcbersicht \u00fcber die Zusatzstoffe<\/a><br \/>\n<a href=\"http:\/\/altgsgrebenstein.de\/wp-content\/uploads\/2020\/12\/Tabelle-Zusatzstoffe.pdf\">Tabelle-Zusatzstoffe<\/a><br \/>\n<a href=\"http:\/\/altgsgrebenstein.de\/wp-content\/uploads\/2020\/12\/Aushang-Allergene.pdf\">Aushang-Allergene<\/a><\/p>\n","protected":false},"excerpt":{"rendered":"<p>&nbsp; Wichtige Information zum neuen Schuljahr 2025\/ 26 Liebe Lernende, liebes Kollegium, liebe Mitarbeiterinnen, liebe G\u00e4ste der Mensa, wir, der Vorstand des F\u00f6rdervereins und die Mitarbeiterinnen der Mensa freuen uns, Sie und euch nach den Sommerferien wieder in unserer sch\u00f6nen Mensa begr\u00fc\u00dfen zu k\u00f6nnen. Die \u00d6ffnungszeiten sind wieder wie gewohnt: Montag \u2013 Donnerstag:\u00a0\u00a0\u00a0\u00a0 07.30 \u2013 &hellip; <a href=\"https:\/\/altgsgrebenstein.de\/?page_id=209\" class=\"more-link\"><span class=\"screen-reader-text\">Speisepl\u00e4ne<\/span> weiterlesen <span class=\"meta-nav\">&rarr;<\/span><\/a><\/p>\n","protected":false},"author":10,"featured_media":0,"parent":0,"menu_order":0,"comment_status":"closed","ping_status":"closed","template":"","meta":{"saved_in_kubio":false,"footnotes":""},"class_list":["post-209","page","type-page","status-publish","hentry"],"kubio_ai_page_context":{"short_desc":"","purpose":"general"},"_links":{"self":[{"href":"https:\/\/altgsgrebenstein.de\/index.php?rest_route=\/wp\/v2\/pages\/209","targetHints":{"allow":["GET"]}}],"collection":[{"href":"https:\/\/altgsgrebenstein.de\/index.php?rest_route=\/wp\/v2\/pages"}],"about":[{"href":"https:\/\/altgsgrebenstein.de\/index.php?rest_route=\/wp\/v2\/types\/page"}],"author":[{"embeddable":true,"href":"https:\/\/altgsgrebenstein.de\/index.php?rest_route=\/wp\/v2\/users\/10"}],"replies":[{"embeddable":true,"href":"https:\/\/altgsgrebenstein.de\/index.php?rest_route=%2Fwp%2Fv2%2Fcomments&post=209"}],"version-history":[{"count":58,"href":"https:\/\/altgsgrebenstein.de\/index.php?rest_route=\/wp\/v2\/pages\/209\/revisions"}],"predecessor-version":[{"id":18533,"href":"https:\/\/altgsgrebenstein.de\/index.php?rest_route=\/wp\/v2\/pages\/209\/revisions\/18533"}],"wp:attachment":[{"href":"https:\/\/altgsgrebenstein.de\/index.php?rest_route=%2Fwp%2Fv2%2Fmedia&parent=209"}],"curies":[{"name":"wp","href":"https:\/\/api.w.org\/{rel}","templated":true}]}}

Speisepläne

<p>&nbsp;</p>
<p><span style="color: #3366ff; font-family: arial,helvetica,sans-serif;"><strong>Wichtige Information zum neuen Schuljahr 2025/ 26</strong></span></p>
<p>Liebe Lernende, liebes Kollegium, liebe Mitarbeiterinnen,<br />
liebe Gäste der Mensa,</p>
<p>wir, der Vorstand des Fördervereins und die Mitarbeiterinnen der Mensa freuen uns, Sie und euch nach den Sommerferien wieder in unserer schönen Mensa begrüßen zu können.</p>
<p><span style="color: #3366ff;"><strong>Die Öffnungszeiten sind wieder wie gewohnt:<br />
</strong></span><strong style="color: #3366ff;">Montag – Donnerstag:     07.30 – 14.30 Uhr<br />
</strong><span style="color: #3366ff;"><strong>Freitag:                                    07.30 – 13.45 Uhr</strong></span><strong>. </strong></p>
<p><span style="color: #ff0000; font-size: 18pt;"><strong>Bestellung von warmen Mittagessen, Tagesangeboten und Salattellern vom Speiseplan!</strong></span></p>
<p>Wir bitten die oben angegebenen Essen bis spätestens <strong>09.30 Uhr am Vortag</strong> in der Mensa am seitlichen Fenster direkt neben dem Wasserspender zu bestellen.</p>
<p><strong>Gern können Sie auch für 2 Wochen im Voraus bestellen!</strong> Denken Sie bitte daran, Ihren Kindern dann die Essenmarken mitzugeben</p>
<p>Sollte Ihr Kind <strong>erkranken</strong>, können Sie das Essen <strong>am 1. Tag der Erkrankung in der Mensa abholen</strong>. Aus Gründen der Nachhaltigkeit bitten wir Sie, einen Behälter zum Transport des Essens mitzubringen.</p>
<p>Falls Ihr <strong>Kind länger erkrankt</strong> ist, können die weiteren schon bestellten Essen <strong>abbestellt</strong> werden. Sie bekommen gegen Vorlage der Essensmarken Ihr Geld zurück.</p>
<p>Das Essen können Sie telefonisch über die Mensa – 05674/99 76 24 &#8211; abbestellen. Das Geld bekommen Sie gegen Vorlage der Essenmarken später ausbezahlt.</p>
<p>In den großen Pausen können keine Essenmarken verkauft werden, da wir in diesen Zeiträumen die Lernenden und Lehrkräfte vorrangig beim Verkauf bedienen!</p>
<p><strong> </strong><strong>Mit freundlichen Grüßen<br />
</strong><strong>der Vorstand des Fördervereins</strong></p>
<p><strong><span style="color: #ff0000; font-size: 24pt;">Speisepläne:</span></strong></p>
<p><strong><span style="font-size: 18pt;">Die Kosten für das warme Mittagessen</span></strong></p>
<p><span style="font-size: 14pt; color: #ff0000;"><span style="color: #000000;">für Lernende:</span> 4,00 Euro<br />
</span><span style="font-size: 14pt; color: #ff0000;"><span style="color: #000000;">für Erwachsene:</span> 4,80 Euro</span></p>
<p><span style="font-size: 18pt; color: #ff0000;"> Preiserhöhung zu 2. Halbjahr 23/24:<br />
</span></p>
<p>Aufgrund der Erhöhung des Mindestlohnes und der erhöhten Kosten im Einkauf der Lebensmittel müssen wir unsere Preise in der Mensa der HGS geringfügig erhöhen. Damit hoffen wir, weiterhin in gewohnter Qualität unsere Lernenden während der Schulzeit und im Mittagsbereich zu versorgen.</p>
<p>Die aktuellen Preise entnehmen sie bitte folgender Tabelle:</p>
<p><a href="http://altgsgrebenstein.de/wp-content/uploads/2024/03/Preisliste-HGS-Mensa.pdf">Preisliste HGS Mensa</a></p>
<p>Das Essen für das warme Mittagessen bleibt konstant bei 4,00 Euro und 4,80 Euro.</p>
<p>Die wöchentlich wechselnden Snacks sind von der Preiserhöhung betroffen. Die Preise können der Tabelle entnommen werden.</p>
<p>&nbsp;</p>
<p><span style="color: #ff0000;"><strong><span style="font-size: 18pt;">Wichtiger Hinweis:</span></strong></span></p>
<p><span style="font-size: 24px;"><b>Änderung des Menüs am Mittwoch ab KW 49 zu entnehmen den Speiseplänen.</b></span></p>
<p>&nbsp;</p>
<p><span style="font-size: 18pt;"><strong><span style="color: #ff0000;">2025/2026  &#8211; Aktuelle Speisepläne</span></strong></span></p>
<p>19.05.25 &#8211; 23.05.25: <a href="http://altgsgrebenstein.de/wp-content/uploads/2025/02/Speiseplan-21-KW-19.pdf">Speiseplan 21 &#8211; KW-19</a></p>
<p>26.05.25 &#8211; 28.05.25: <a href="http://altgsgrebenstein.de/wp-content/uploads/2025/02/Speiseplan-22-KW-20.pdf">Speiseplan 22 &#8211; KW-20</a></p>
<p>02.06.25 &#8211; 06.06.25: <a href="http://altgsgrebenstein.de/wp-content/uploads/2025/05/Speiseplan-1-KW-23-1.docx">Speiseplan-1-KW-23</a></p>
<p>09.06.25 &#8211; 13.06.25: <a href="http://altgsgrebenstein.de/wp-content/uploads/2025/05/Speiseplan-2-KW-24-1.docx">Speiseplan-2-KW-24</a></p>
<p>16.06.25 &#8211; 20.06.25: <a href="http://altgsgrebenstein.de/wp-content/uploads/2025/05/Speiseplan-3-KW-25-1.docx">Speiseplan 3 &#8211; KW 25</a></p>
<p>23.06.25 &#8211; 27.06.25:<a href="http://altgsgrebenstein.de/wp-content/uploads/2025/05/Speiseplan-4-kW-26-1.docx"> Speiseplan 4- kW 26</a></p>
<p>30.06.25 &#8211; 04.07.25: <a href="http://altgsgrebenstein.de/wp-content/uploads/2025/05/Speiseplan-vor-den-Ferien-KW-27-1.docx">Speiseplan vor den Ferien KW 27</a></p>
<p>&nbsp;</p>
<p>&nbsp;</p>
<p>Sommerferien: 07.07.25 &#8211; 15.08.25</p>
<p>Aufgrund eines IT-Problems haben sich die Speisepläne nicht aktualisiert. Die Speisepläne für die KW 36 &#8211; 40 müssten jetzt wieder einsehbar sein.</p>
<p>18.08.25 &#8211; 22.08.25: <a href="http://altgsgrebenstein.de/wp-content/uploads/2025/05/Speiseplan-5-KW-34-1.docx">Speiseplan 5-KW 34</a></p>
<p>25.08.25 &#8211; 29.08.25: <a href="http://altgsgrebenstein.de/wp-content/uploads/2025/05/Speiseplan-6-KW-35-1.docx">Speiseplan 6-KW 35</a></p>
<p>01.09.25 &#8211; 05.09.25: <a href="http://altgsgrebenstein.de/wp-content/uploads/2025/08/Speiseplan-7-KW-361.docx">Speiseplan 7 KW 36(1)</a></p>
<p>08.09.25 &#8211; 12.09.25: <a href="http://altgsgrebenstein.de/wp-content/uploads/2025/08/Speiseplan-8-KW-371.docx">Speiseplan 8 &#8211; KW 37(1)</a></p>
<p>15.09.25 &#8211; 19.09.25: <a href="http://altgsgrebenstein.de/wp-content/uploads/2025/08/Speiseplan-9-KW-381.docx">Speiseplan 9 -KW 38(1)</a></p>
<p>22.09.25 &#8211; 26.09.25: <a href="http://altgsgrebenstein.de/wp-content/uploads/2025/08/Speiseplan-10-KW-391.docx">Speiseplan 10-KW 39(1)</a></p>
<p>29.09.25 &#8211; 02.10.25: <a href="http://altgsgrebenstein.de/wp-content/uploads/2025/08/Speiseplan-11-KW-401.docx">Speiseplan 11-KW 40(1)</a></p>
<p>Herbstferien</p>
<p>&nbsp;</p>
<p>Die Allergene sind auf den Speiseplänen anhand der Nummern (siehe unten Aushang Allergene) gekennzeichnet.<br />
Die Zusatzstoffe ersehen Sie bitte unter den beiden Links, Übersicht der Zusatzstoffe und Tabelle Zusatzstoffe.<br />
Des Weiteren hängen die kennzeichnungspflichtigen Zusatzstoffe in der Mensa, neben den Speiseplänen, aus.</p>
<p><a href="http://altgsgrebenstein.de/wp-content/uploads/2020/12/Uebersicht-der-Zusatzstoffe.pdf">Übersicht über die Zusatzstoffe</a><br />
<a href="http://altgsgrebenstein.de/wp-content/uploads/2020/12/Tabelle-Zusatzstoffe.pdf">Tabelle-Zusatzstoffe</a><br />
<a href="http://altgsgrebenstein.de/wp-content/uploads/2020/12/Aushang-Allergene.pdf">Aushang-Allergene</a></p>

<p>&nbsp; Wichtige Information zum neuen Schuljahr 2025/ 26 Liebe Lernende, liebes Kollegium, liebe Mitarbeiterinnen, liebe Gäste der Mensa, wir, der Vorstand des Fördervereins und die Mitarbeiterinnen der Mensa freuen uns, Sie und euch nach den Sommerferien wieder in unserer schönen Mensa begrüßen zu können. Die Öffnungszeiten sind wieder wie gewohnt: Montag – Donnerstag:     07.30 – &hellip; <a href="https://altgsgrebenstein.de/?page_id=209" class="more-link"><span class="screen-reader-text">Speisepläne</span> weiterlesen <span class="meta-nav">&rarr;</span></a></p>
