{"id":187,"date":"2016-06-19T17:53:51","date_gmt":"2016-06-19T17:53:51","guid":{"rendered":"http:\/\/wordpress.gsgrebenstein.net\/?page_id=187"},"modified":"2024-02-23T18:33:14","modified_gmt":"2024-02-23T17:33:14","slug":"praevention-im-team-pit","status":"publish","type":"page","link":"https:\/\/altgsgrebenstein.de\/?page_id=187","title":{"rendered":"Pr\u00e4vention im Team (PiT)"},"content":{"rendered":"<p><em>PiT<\/em>, diese Abk\u00fcrzung steht f\u00fcr\u00a0<strong>P<\/strong>r\u00e4vention\u00a0<strong>i<\/strong>m\u00a0<strong>T<\/strong>eam und ist ein opferzentriertes Gewaltpr\u00e4ventionsprogramm des Landes Hessen f\u00fcr dessen Teilnahme sich die Heinrich-Grupe-Schule beworben hat und mittlerweile seit vielen Jahren durchf\u00fchrt. Nach einer kurzen Corona-Unterbrechung findet PiT ab diesem Jahr nun endlich in Neuauflage und Neubesetzung wieder an der HGS statt.<\/p>\n<p>Das Projekt und die Trainings werden von einem Team aus drei unterschiedlichen Professionen durchgef\u00fchrt: Schule (Lehrkr\u00e4fte), Jugendhilfe (UBUS-Kraft) und einem Mitglied der Polizei, Schutzmann vor Ort (SvO). Diese drei Professionen nehmen eine unterschiedliche Perspektive auf Jugendliche und Gewaltsituationen ein und arbeiten im multiprofessionellen Team mit ihrem jeweiligen Expertenwissen mit den Jugendlichen zusammen.<\/p>\n<p>Im Einzelnen besteht das PiT-Team Grebenstein aus den Lehrkr\u00e4ften Pia Seewald und Besim Bikic, der UBUS-Kraft, Anna Fechner sowie dem SvO aus Hofgeismar, Herr Sven Schmalz.<\/p>\n<p>Ziel des Projekts ist es, Jugendliche des 7. Jahrgangs zum Thema Gewalt zu sensibilisieren und sprachf\u00e4hig zu machen. Unter dem Motto\u00a0\u201e<em>Erfahren statt Belehren\u201c<\/em>, lernen die Klassen in opferzentrierten Trainings, Sprachlosigkeit in Gewaltsituationen zu \u00fcberwinden und Konflikte gewaltfrei zu l\u00f6sen. Dar\u00fcber hinaus entwickeln sie Strategien, um in gewaltbesetzten Situationen handlungsf\u00e4hig zu bleiben. Dies wird durch die Implementierung von Rollenspielen erm\u00f6glicht. In diesem gesch\u00fctzten Raum k\u00f6nnen die Jugendlichen sich ausprobieren und erlangen die notwendigen F\u00e4higkeiten und Kenntnisse in gewaltbesetzten Situationen ad\u00e4quat zu reagieren.<\/p>\n<figure id=\"attachment_16497\" aria-describedby=\"caption-attachment-16497\" style=\"width: 604px\" class=\"wp-caption aligncenter\"><img decoding=\"async\" class=\"wp-image-16497 size-large\" src=\"http:\/\/altgsgrebenstein.de\/wp-content\/uploads\/2024\/02\/DSC_9163-1024x678.jpg\" alt=\"\" width=\"604\" height=\"400\" srcset=\"https:\/\/altgsgrebenstein.de\/wp-content\/uploads\/2024\/02\/DSC_9163-1024x678.jpg 1024w, https:\/\/altgsgrebenstein.de\/wp-content\/uploads\/2024\/02\/DSC_9163-300x199.jpg 300w, https:\/\/altgsgrebenstein.de\/wp-content\/uploads\/2024\/02\/DSC_9163-768x509.jpg 768w, https:\/\/altgsgrebenstein.de\/wp-content\/uploads\/2024\/02\/DSC_9163-1536x1017.jpg 1536w, https:\/\/altgsgrebenstein.de\/wp-content\/uploads\/2024\/02\/DSC_9163-2048x1356.jpg 2048w\" sizes=\"(max-width: 604px) 100vw, 604px\" \/><figcaption id=\"caption-attachment-16497\" class=\"wp-caption-text\">PiT-Team (v.l.n.r.): SvO Sven Schmalz, UBUS-Kraft Anna Fechner, Lehrerin Pia Seewald und Lehrer Besim Bikic.<\/figcaption><\/figure>\n<p><u>Weitere Informationen zu PiT:<\/u><\/p>\n<p><a href=\"https:\/\/netzwerk-gegen-gewalt.hessen.de\/programme\/praevention-im-team-pit\">https:\/\/netzwerk-gegen-gewalt.hessen.de\/programme\/praevention-im-team-pit<\/a><\/p>\n<p>&nbsp;<\/p>\n<p style=\"text-align: justify;\"><span style=\"font-size: 10pt;\"><span style=\"font-family: verdana,geneva;\">\u00a0<\/span><\/span><\/p>\n<p>&nbsp;<\/p>\n<p style=\"text-align: justify;\">\n","protected":false},"excerpt":{"rendered":"<p>PiT, diese Abk\u00fcrzung steht f\u00fcr\u00a0Pr\u00e4vention\u00a0im\u00a0Team und ist ein opferzentriertes Gewaltpr\u00e4ventionsprogramm des Landes Hessen f\u00fcr dessen Teilnahme sich die Heinrich-Grupe-Schule beworben hat und mittlerweile seit vielen Jahren durchf\u00fchrt. Nach einer kurzen Corona-Unterbrechung findet PiT ab diesem Jahr nun endlich in Neuauflage und Neubesetzung wieder an der HGS statt. Das Projekt und die Trainings werden von einem &hellip; <a href=\"https:\/\/altgsgrebenstein.de\/?page_id=187\" class=\"more-link\"><span class=\"screen-reader-text\">Pr\u00e4vention im Team (PiT)<\/span> weiterlesen <span class=\"meta-nav\">&rarr;<\/span><\/a><\/p>\n","protected":false},"author":9,"featured_media":0,"parent":0,"menu_order":0,"comment_status":"closed","ping_status":"closed","template":"","meta":{"saved_in_kubio":false,"footnotes":""},"class_list":["post-187","page","type-page","status-publish","hentry"],"kubio_ai_page_context":{"short_desc":"","purpose":"general"},"_links":{"self":[{"href":"https:\/\/altgsgrebenstein.de\/index.php?rest_route=\/wp\/v2\/pages\/187","targetHints":{"allow":["GET"]}}],"collection":[{"href":"https:\/\/altgsgrebenstein.de\/index.php?rest_route=\/wp\/v2\/pages"}],"about":[{"href":"https:\/\/altgsgrebenstein.de\/index.php?rest_route=\/wp\/v2\/types\/page"}],"author":[{"embeddable":true,"href":"https:\/\/altgsgrebenstein.de\/index.php?rest_route=\/wp\/v2\/users\/9"}],"replies":[{"embeddable":true,"href":"https:\/\/altgsgrebenstein.de\/index.php?rest_route=%2Fwp%2Fv2%2Fcomments&post=187"}],"version-history":[{"count":5,"href":"https:\/\/altgsgrebenstein.de\/index.php?rest_route=\/wp\/v2\/pages\/187\/revisions"}],"predecessor-version":[{"id":16498,"href":"https:\/\/altgsgrebenstein.de\/index.php?rest_route=\/wp\/v2\/pages\/187\/revisions\/16498"}],"wp:attachment":[{"href":"https:\/\/altgsgrebenstein.de\/index.php?rest_route=%2Fwp%2Fv2%2Fmedia&parent=187"}],"curies":[{"name":"wp","href":"https:\/\/api.w.org\/{rel}","templated":true}]}}

Prävention im Team (PiT)

<p><em>PiT</em>, diese Abkürzung steht für <strong>P</strong>rävention <strong>i</strong>m <strong>T</strong>eam und ist ein opferzentriertes Gewaltpräventionsprogramm des Landes Hessen für dessen Teilnahme sich die Heinrich-Grupe-Schule beworben hat und mittlerweile seit vielen Jahren durchführt. Nach einer kurzen Corona-Unterbrechung findet PiT ab diesem Jahr nun endlich in Neuauflage und Neubesetzung wieder an der HGS statt.</p>
<p>Das Projekt und die Trainings werden von einem Team aus drei unterschiedlichen Professionen durchgeführt: Schule (Lehrkräfte), Jugendhilfe (UBUS-Kraft) und einem Mitglied der Polizei, Schutzmann vor Ort (SvO). Diese drei Professionen nehmen eine unterschiedliche Perspektive auf Jugendliche und Gewaltsituationen ein und arbeiten im multiprofessionellen Team mit ihrem jeweiligen Expertenwissen mit den Jugendlichen zusammen.</p>
<p>Im Einzelnen besteht das PiT-Team Grebenstein aus den Lehrkräften Pia Seewald und Besim Bikic, der UBUS-Kraft, Anna Fechner sowie dem SvO aus Hofgeismar, Herr Sven Schmalz.</p>
<p>Ziel des Projekts ist es, Jugendliche des 7. Jahrgangs zum Thema Gewalt zu sensibilisieren und sprachfähig zu machen. Unter dem Motto „<em>Erfahren statt Belehren“</em>, lernen die Klassen in opferzentrierten Trainings, Sprachlosigkeit in Gewaltsituationen zu überwinden und Konflikte gewaltfrei zu lösen. Darüber hinaus entwickeln sie Strategien, um in gewaltbesetzten Situationen handlungsfähig zu bleiben. Dies wird durch die Implementierung von Rollenspielen ermöglicht. In diesem geschützten Raum können die Jugendlichen sich ausprobieren und erlangen die notwendigen Fähigkeiten und Kenntnisse in gewaltbesetzten Situationen adäquat zu reagieren.</p>
<figure id="attachment_16497" aria-describedby="caption-attachment-16497" style="width: 604px" class="wp-caption aligncenter"><img decoding="async" class="wp-image-16497 size-large" src="http://altgsgrebenstein.de/wp-content/uploads/2024/02/DSC_9163-1024x678.jpg" alt="" width="604" height="400" srcset="https://altgsgrebenstein.de/wp-content/uploads/2024/02/DSC_9163-1024x678.jpg 1024w, https://altgsgrebenstein.de/wp-content/uploads/2024/02/DSC_9163-300x199.jpg 300w, https://altgsgrebenstein.de/wp-content/uploads/2024/02/DSC_9163-768x509.jpg 768w, https://altgsgrebenstein.de/wp-content/uploads/2024/02/DSC_9163-1536x1017.jpg 1536w, https://altgsgrebenstein.de/wp-content/uploads/2024/02/DSC_9163-2048x1356.jpg 2048w" sizes="(max-width: 604px) 100vw, 604px" /><figcaption id="caption-attachment-16497" class="wp-caption-text">PiT-Team (v.l.n.r.): SvO Sven Schmalz, UBUS-Kraft Anna Fechner, Lehrerin Pia Seewald und Lehrer Besim Bikic.</figcaption></figure>
<p><u>Weitere Informationen zu PiT:</u></p>
<p><a href="https://netzwerk-gegen-gewalt.hessen.de/programme/praevention-im-team-pit">https://netzwerk-gegen-gewalt.hessen.de/programme/praevention-im-team-pit</a></p>
<p>&nbsp;</p>
<p style="text-align: justify;"><span style="font-size: 10pt;"><span style="font-family: verdana,geneva;"> </span></span></p>
<p>&nbsp;</p>
<p style="text-align: justify;">

<p>PiT, diese Abkürzung steht für Prävention im Team und ist ein opferzentriertes Gewaltpräventionsprogramm des Landes Hessen für dessen Teilnahme sich die Heinrich-Grupe-Schule beworben hat und mittlerweile seit vielen Jahren durchführt. Nach einer kurzen Corona-Unterbrechung findet PiT ab diesem Jahr nun endlich in Neuauflage und Neubesetzung wieder an der HGS statt. Das Projekt und die Trainings werden von einem &hellip; <a href="https://altgsgrebenstein.de/?page_id=187" class="more-link"><span class="screen-reader-text">Prävention im Team (PiT)</span> weiterlesen <span class="meta-nav">&rarr;</span></a></p>
