{"id":17303,"date":"2024-10-17T09:49:03","date_gmt":"2024-10-17T08:49:03","guid":{"rendered":"http:\/\/altgsgrebenstein.de\/?page_id=17303"},"modified":"2024-12-24T04:13:25","modified_gmt":"2024-12-24T03:13:25","slug":"lesungen","status":"publish","type":"page","link":"https:\/\/altgsgrebenstein.de\/?page_id=17303","title":{"rendered":"Lesungen an der Heinrich-Grupe-Schule: Literatur und kulturelle Bildung im Fokus"},"content":{"rendered":"<p><img decoding=\"async\" class=\"alignnone size-full wp-image-17488\" src=\"http:\/\/altgsgrebenstein.de\/wp-content\/uploads\/2024\/12\/IMG_0950-scaled.jpg\" alt=\"\" width=\"2560\" height=\"1920\" srcset=\"https:\/\/altgsgrebenstein.de\/wp-content\/uploads\/2024\/12\/IMG_0950-scaled.jpg 2560w, https:\/\/altgsgrebenstein.de\/wp-content\/uploads\/2024\/12\/IMG_0950-300x225.jpg 300w, https:\/\/altgsgrebenstein.de\/wp-content\/uploads\/2024\/12\/IMG_0950-1024x768.jpg 1024w, https:\/\/altgsgrebenstein.de\/wp-content\/uploads\/2024\/12\/IMG_0950-768x576.jpg 768w, https:\/\/altgsgrebenstein.de\/wp-content\/uploads\/2024\/12\/IMG_0950-1536x1152.jpg 1536w, https:\/\/altgsgrebenstein.de\/wp-content\/uploads\/2024\/12\/IMG_0950-2048x1536.jpg 2048w\" sizes=\"(max-width: 2560px) 100vw, 2560px\" \/><\/p>\n<p style=\"text-align: justify;\">Autorenlesungen an Schulen sind weit mehr als nur ein spannendes Event \u2013 sie er\u00f6ffnen jungen Menschen die M\u00f6glichkeit, Literatur auf eine ganz pers\u00f6nliche Weise zu erleben. Wenn Autorinnen und Autoren ihre Werke selbst vorstellen, wird Literatur lebendig und unmittelbar erfahrbar. Die teilnehmenden Sch\u00fclerinnen und Sch\u00fcler erhalten einen direkten Zugang zu Geschichten, Gedanken sowie zu Schreibprozessen. Diese Begegnungen f\u00f6rdern nicht nur die Lesemotivation, sondern auch das Verst\u00e4ndnis f\u00fcr Sprache, Kreativit\u00e4t und kulturelle Vielfalt. Als wertvoller Beitrag zur kulturellen Bildung inspirieren Lesungen die Lernenden, ihre eigene Ausdrucksf\u00e4higkeit zu entdecken und die Welt der Literatur mit neuen Augen zu sehen.<\/p>\n<p style=\"text-align: justify;\">An der Heinrich-Grupe-Schule werden regelm\u00e4\u00dfig Lesungen durchgef\u00fchrt, sei es im Format einer offenen Abendlesung f\u00fcr alle Interessierten aus der Schulgemeinde oder themenbezogen f\u00fcr bestimmte Jahrgangsstufen. An dieser Stelle l\u00f6sen sich regelm\u00e4\u00dfig Fach- und Schulzweiggrenzen auf, sodass die Lernenden umfangreich von den Lesungen profitieren und ihr Wissen nachhaltig vernetzen k\u00f6nnen. Dankenswerterweise unterst\u00fctzt der F\u00f6rderverein und das Team der Sch\u00fclerbibliothek die Autorenlesungen, indem hier Thementische mit passender weiterf\u00fchrender Literatur zusammengestellt werden. Zudem erstellt das Bibliotheksteam Hinweisposter und beteiligt sich bei Abendveranstaltungen am Verkauf von Getr\u00e4nken.<\/p>\n<p style=\"text-align: justify;\"><span style=\"text-decoration: underline;\"><strong>R\u00fcckblick auf vergangene Lesungen:<\/strong><\/span><\/p>\n<p style=\"text-align: justify;\">Im <strong>Schuljahr 2024\/2025<\/strong> wurde <strong>Ende November 202<\/strong>4 eine Lesung f\u00fcr die Jahrgangsstufe 10 durchgef\u00fchrt. An der Schule zu Gast war Jakob Springfeld, ein 22j\u00e4hriger Politikstudent aus Zwickau, der sich gegen Hass und Gewalt und f\u00fcr den Einsatz f\u00fcr Toleranz, Antisemitismus und Demokratie einsetzt.<\/p>\n<p><img decoding=\"async\" class=\"alignnone size-full wp-image-17502\" src=\"http:\/\/altgsgrebenstein.de\/wp-content\/uploads\/2024\/12\/9783407813718.jpg\" alt=\"\" width=\"945\" height=\"1414\" srcset=\"https:\/\/altgsgrebenstein.de\/wp-content\/uploads\/2024\/12\/9783407813718.jpg 945w, https:\/\/altgsgrebenstein.de\/wp-content\/uploads\/2024\/12\/9783407813718-200x300.jpg 200w, https:\/\/altgsgrebenstein.de\/wp-content\/uploads\/2024\/12\/9783407813718-684x1024.jpg 684w, https:\/\/altgsgrebenstein.de\/wp-content\/uploads\/2024\/12\/9783407813718-768x1149.jpg 768w\" sizes=\"(max-width: 945px) 100vw, 945px\" \/><\/p>\n<p style=\"text-align: justify;\">2020 schrieb Springfeld gemeinsam mit dem Journalisten Issio Ehrich das Buch \u201e<a href=\"https:\/\/www.beltz.de\/kinderbuch_jugendbuch\/produkte\/details\/53072-unter-nazis-jung-ostdeutsch-gegen-rechts.html\" target=\"_blank\" rel=\"noopener\">UNTER NAZIS<\/a>\u201c. Es ist Springfelds ausf\u00fchrliche Lebensgeschichte, die von pers\u00f6nlichen Erlebnissen in Zwickau und in seinem Studienort Halle erz\u00e4hlt. Der Autor lenkt im Verlauf der Lesung den Blick auf Ereignisse der 1990er Jahre, den rechten Terror des NSU und die aktuelle Entwicklung rund um die AFD. Die Lesung erfuhr \u00fcberaus positive Resonanz &#8211; der vollst\u00e4ndige Bericht auf der Homepage der HGS findet sich <a href=\"http:\/\/altgsgrebenstein.de\/?p=17486\" target=\"_blank\" rel=\"noopener\">hier<\/a>.<\/p>\n<p>&nbsp;<\/p>\n<p><span style=\"text-decoration: underline;\"><strong>Schuljahr 2023\/2024:<\/strong><\/span><\/p>\n<p style=\"text-align: justify;\">Im Verlauf des <strong>Schuljahres 2023\/2024<\/strong> konnten mit gro\u00dfem Erfolg zwei Lesungen an der HGS durchgef\u00fchrt werden.<\/p>\n<p style=\"text-align: justify;\">Zum Ende des ersten Schulhalbjahres las der <em>Spiegel<\/em>-Journalist und Historiker <strong>Dr. Martin Doerry<\/strong> auf Initiative von Lehrerin Susann Adam vor den Sch\u00fclerinnen und Sch\u00fclern der Abgangsklassen aus seinem Werk &#8222;<strong>Lillis Tochter. Das Leben meiner Mutter im Schatten der Vergangenheit \u2013 eine deutsch-j\u00fcdische Familiengeschichte<\/strong>&#8220; und bot dabei einen lokalen Br\u00fcckenschlag in die Zeit des Nationalsozialismus, der aktuell im Unterricht thematisiert wurde.<\/p>\n<p><img decoding=\"async\" class=\"size-full wp-image-17609\" src=\"http:\/\/altgsgrebenstein.de\/wp-content\/uploads\/2024\/12\/DSC_9063-768x509-1.jpg\" alt=\"\" width=\"629\" height=\"417\" srcset=\"https:\/\/altgsgrebenstein.de\/wp-content\/uploads\/2024\/12\/DSC_9063-768x509-1.jpg 629w, https:\/\/altgsgrebenstein.de\/wp-content\/uploads\/2024\/12\/DSC_9063-768x509-1-300x199.jpg 300w\" sizes=\"(max-width: 629px) 100vw, 629px\" \/><\/p>\n<p style=\"text-align: justify;\">Inhaltlich fokussiert Doerrys Werk das Trauma des Verlusts der von den Nationalsozialisten in Auschwitz ermordeten Lilly Doerry und die sich pl\u00f6tzlich einstellende Verantwortung ihrer Tochter Ilse f\u00fcr die j\u00fcngeren Geschwister, die bei dem M\u00e4dchen tiefe Spuren hinterlassen hat. Die Lesung fesselte die Zuh\u00f6rerschaft und bot vielschichte Ankn\u00fcpfungspunkte im Rahmen der sich anschlie\u00dfenden Diskussion, wie der <a href=\"http:\/\/altgsgrebenstein.de\/?p=16404\" target=\"_blank\" rel=\"noopener\">Bericht zur Lesung auf der HGS-Homepage<\/a> vermittelt.<\/p>\n<p style=\"text-align: justify;\">Gegen Ende des zweiten Halbjahres war es der HGS dann eine besondere Freude, den ehemaligen Sch\u00fcler und <em>Grimme Online Award<\/em>-Preistr\u00e4ger <strong>Jason von Juterczenka<\/strong> an seiner ehemaligen Schule begr\u00fc\u00dfen zu k\u00f6nnen. Gemeinsam mit seinem Vater Mirco hatte er die Einladung von Gymnasialzweigleiter Dirk Weidmann angenommen, im Rahmen einer \u00f6ffentlichen Lesung aus ihrem gemeinsamen Werk &#8222;<strong>Wochenendrebellen<\/strong>&#8220; vorzulesen, welches inzwischen sogar verfilmt wurde und zum Zeitpunkt der Lesung im Kino besucht werden konnte. Ein umfangreicher Bericht zur Lesung auf der HGS-Homepage ist <a href=\"http:\/\/altgsgrebenstein.de\/?p=16515\" target=\"_blank\" rel=\"noopener\">hier<\/a> verf\u00fcgbar.<\/p>\n<p><img decoding=\"async\" class=\"alignnone size-full wp-image-17608\" src=\"http:\/\/altgsgrebenstein.de\/wp-content\/uploads\/2024\/12\/Jason-und-Mirco-von-Juterczenka-sitzend-vor-einem-Zug-Wochenendrebellen.webp\" alt=\"\" width=\"1366\" height=\"768\" srcset=\"https:\/\/altgsgrebenstein.de\/wp-content\/uploads\/2024\/12\/Jason-und-Mirco-von-Juterczenka-sitzend-vor-einem-Zug-Wochenendrebellen.webp 1366w, https:\/\/altgsgrebenstein.de\/wp-content\/uploads\/2024\/12\/Jason-und-Mirco-von-Juterczenka-sitzend-vor-einem-Zug-Wochenendrebellen-300x169.webp 300w, https:\/\/altgsgrebenstein.de\/wp-content\/uploads\/2024\/12\/Jason-und-Mirco-von-Juterczenka-sitzend-vor-einem-Zug-Wochenendrebellen-1024x576.webp 1024w, https:\/\/altgsgrebenstein.de\/wp-content\/uploads\/2024\/12\/Jason-und-Mirco-von-Juterczenka-sitzend-vor-einem-Zug-Wochenendrebellen-768x432.webp 768w\" sizes=\"(max-width: 1366px) 100vw, 1366px\" \/><\/p>\n<p style=\"text-align: justify;\">Vordergr\u00fcndig handelt das Werk von Jason und Mirco von Juterczenka von der Suche nach einem Lieblings-Fu\u00dfballverein f\u00fcr Jason, im Kern portraitiert es jedoch Jasons Heranwachsen als Autist mit all seinen Herausforderungen in Schule und Alltag. Diese Thematik bot den \u00e4lteren Jahrgangsstufen der HGS eine hervorragende Lerngelegenheit, sich mit dem Thema &#8222;Anders sein&#8220; bzw. &#8222;Toleranz&#8220; auseinanderzusetzen, sodass sie es nach der auszugsweisen Lekt\u00fcre und einem Besuch des gemeinschaftlichen Kinofilms sehr zu sch\u00e4tzen wussten, dass sich Jason als Protagonist des Filmes auch noch die Zeit nahm, mit den Klassen \u00fcber seine Lebenserfahrungen ins Gespr\u00e4ch zu kommen.<\/p>\n<p>23.12.2024 \/ WD<\/p>\n","protected":false},"excerpt":{"rendered":"<p>Autorenlesungen an Schulen sind weit mehr als nur ein spannendes Event \u2013 sie er\u00f6ffnen jungen Menschen die M\u00f6glichkeit, Literatur auf eine ganz pers\u00f6nliche Weise zu erleben. Wenn Autorinnen und Autoren ihre Werke selbst vorstellen, wird Literatur lebendig und unmittelbar erfahrbar. Die teilnehmenden Sch\u00fclerinnen und Sch\u00fcler erhalten einen direkten Zugang zu Geschichten, Gedanken sowie zu Schreibprozessen. &hellip; <a href=\"https:\/\/altgsgrebenstein.de\/?page_id=17303\" class=\"more-link\"><span class=\"screen-reader-text\">Lesungen an der Heinrich-Grupe-Schule: Literatur und kulturelle Bildung im Fokus<\/span> weiterlesen <span class=\"meta-nav\">&rarr;<\/span><\/a><\/p>\n","protected":false},"author":9,"featured_media":0,"parent":0,"menu_order":0,"comment_status":"closed","ping_status":"closed","template":"","meta":{"saved_in_kubio":false,"footnotes":""},"class_list":["post-17303","page","type-page","status-publish","hentry"],"kubio_ai_page_context":{"short_desc":"","purpose":"general"},"_links":{"self":[{"href":"https:\/\/altgsgrebenstein.de\/index.php?rest_route=\/wp\/v2\/pages\/17303","targetHints":{"allow":["GET"]}}],"collection":[{"href":"https:\/\/altgsgrebenstein.de\/index.php?rest_route=\/wp\/v2\/pages"}],"about":[{"href":"https:\/\/altgsgrebenstein.de\/index.php?rest_route=\/wp\/v2\/types\/page"}],"author":[{"embeddable":true,"href":"https:\/\/altgsgrebenstein.de\/index.php?rest_route=\/wp\/v2\/users\/9"}],"replies":[{"embeddable":true,"href":"https:\/\/altgsgrebenstein.de\/index.php?rest_route=%2Fwp%2Fv2%2Fcomments&post=17303"}],"version-history":[{"count":9,"href":"https:\/\/altgsgrebenstein.de\/index.php?rest_route=\/wp\/v2\/pages\/17303\/revisions"}],"predecessor-version":[{"id":17611,"href":"https:\/\/altgsgrebenstein.de\/index.php?rest_route=\/wp\/v2\/pages\/17303\/revisions\/17611"}],"wp:attachment":[{"href":"https:\/\/altgsgrebenstein.de\/index.php?rest_route=%2Fwp%2Fv2%2Fmedia&parent=17303"}],"curies":[{"name":"wp","href":"https:\/\/api.w.org\/{rel}","templated":true}]}}

<p><img decoding="async" class="alignnone size-full wp-image-17488" src="http://altgsgrebenstein.de/wp-content/uploads/2024/12/IMG_0950-scaled.jpg" alt="" width="2560" height="1920" srcset="https://altgsgrebenstein.de/wp-content/uploads/2024/12/IMG_0950-scaled.jpg 2560w, https://altgsgrebenstein.de/wp-content/uploads/2024/12/IMG_0950-300x225.jpg 300w, https://altgsgrebenstein.de/wp-content/uploads/2024/12/IMG_0950-1024x768.jpg 1024w, https://altgsgrebenstein.de/wp-content/uploads/2024/12/IMG_0950-768x576.jpg 768w, https://altgsgrebenstein.de/wp-content/uploads/2024/12/IMG_0950-1536x1152.jpg 1536w, https://altgsgrebenstein.de/wp-content/uploads/2024/12/IMG_0950-2048x1536.jpg 2048w" sizes="(max-width: 2560px) 100vw, 2560px" /></p>
<p style="text-align: justify;">Autorenlesungen an Schulen sind weit mehr als nur ein spannendes Event – sie eröffnen jungen Menschen die Möglichkeit, Literatur auf eine ganz persönliche Weise zu erleben. Wenn Autorinnen und Autoren ihre Werke selbst vorstellen, wird Literatur lebendig und unmittelbar erfahrbar. Die teilnehmenden Schülerinnen und Schüler erhalten einen direkten Zugang zu Geschichten, Gedanken sowie zu Schreibprozessen. Diese Begegnungen fördern nicht nur die Lesemotivation, sondern auch das Verständnis für Sprache, Kreativität und kulturelle Vielfalt. Als wertvoller Beitrag zur kulturellen Bildung inspirieren Lesungen die Lernenden, ihre eigene Ausdrucksfähigkeit zu entdecken und die Welt der Literatur mit neuen Augen zu sehen.</p>
<p style="text-align: justify;">An der Heinrich-Grupe-Schule werden regelmäßig Lesungen durchgeführt, sei es im Format einer offenen Abendlesung für alle Interessierten aus der Schulgemeinde oder themenbezogen für bestimmte Jahrgangsstufen. An dieser Stelle lösen sich regelmäßig Fach- und Schulzweiggrenzen auf, sodass die Lernenden umfangreich von den Lesungen profitieren und ihr Wissen nachhaltig vernetzen können. Dankenswerterweise unterstützt der Förderverein und das Team der Schülerbibliothek die Autorenlesungen, indem hier Thementische mit passender weiterführender Literatur zusammengestellt werden. Zudem erstellt das Bibliotheksteam Hinweisposter und beteiligt sich bei Abendveranstaltungen am Verkauf von Getränken.</p>
<p style="text-align: justify;"><span style="text-decoration: underline;"><strong>Rückblick auf vergangene Lesungen:</strong></span></p>
<p style="text-align: justify;">Im <strong>Schuljahr 2024/2025</strong> wurde <strong>Ende November 202</strong>4 eine Lesung für die Jahrgangsstufe 10 durchgeführt. An der Schule zu Gast war Jakob Springfeld, ein 22jähriger Politikstudent aus Zwickau, der sich gegen Hass und Gewalt und für den Einsatz für Toleranz, Antisemitismus und Demokratie einsetzt.</p>
<p><img decoding="async" class="alignnone size-full wp-image-17502" src="http://altgsgrebenstein.de/wp-content/uploads/2024/12/9783407813718.jpg" alt="" width="945" height="1414" srcset="https://altgsgrebenstein.de/wp-content/uploads/2024/12/9783407813718.jpg 945w, https://altgsgrebenstein.de/wp-content/uploads/2024/12/9783407813718-200x300.jpg 200w, https://altgsgrebenstein.de/wp-content/uploads/2024/12/9783407813718-684x1024.jpg 684w, https://altgsgrebenstein.de/wp-content/uploads/2024/12/9783407813718-768x1149.jpg 768w" sizes="(max-width: 945px) 100vw, 945px" /></p>
<p style="text-align: justify;">2020 schrieb Springfeld gemeinsam mit dem Journalisten Issio Ehrich das Buch „<a href="https://www.beltz.de/kinderbuch_jugendbuch/produkte/details/53072-unter-nazis-jung-ostdeutsch-gegen-rechts.html" target="_blank" rel="noopener">UNTER NAZIS</a>“. Es ist Springfelds ausführliche Lebensgeschichte, die von persönlichen Erlebnissen in Zwickau und in seinem Studienort Halle erzählt. Der Autor lenkt im Verlauf der Lesung den Blick auf Ereignisse der 1990er Jahre, den rechten Terror des NSU und die aktuelle Entwicklung rund um die AFD. Die Lesung erfuhr überaus positive Resonanz &#8211; der vollständige Bericht auf der Homepage der HGS findet sich <a href="http://altgsgrebenstein.de/?p=17486" target="_blank" rel="noopener">hier</a>.</p>
<p>&nbsp;</p>
<p><span style="text-decoration: underline;"><strong>Schuljahr 2023/2024:</strong></span></p>
<p style="text-align: justify;">Im Verlauf des <strong>Schuljahres 2023/2024</strong> konnten mit großem Erfolg zwei Lesungen an der HGS durchgeführt werden.</p>
<p style="text-align: justify;">Zum Ende des ersten Schulhalbjahres las der <em>Spiegel</em>-Journalist und Historiker <strong>Dr. Martin Doerry</strong> auf Initiative von Lehrerin Susann Adam vor den Schülerinnen und Schülern der Abgangsklassen aus seinem Werk &#8222;<strong>Lillis Tochter. Das Leben meiner Mutter im Schatten der Vergangenheit – eine deutsch-jüdische Familiengeschichte</strong>&#8220; und bot dabei einen lokalen Brückenschlag in die Zeit des Nationalsozialismus, der aktuell im Unterricht thematisiert wurde.</p>
<p><img decoding="async" class="size-full wp-image-17609" src="http://altgsgrebenstein.de/wp-content/uploads/2024/12/DSC_9063-768x509-1.jpg" alt="" width="629" height="417" srcset="https://altgsgrebenstein.de/wp-content/uploads/2024/12/DSC_9063-768x509-1.jpg 629w, https://altgsgrebenstein.de/wp-content/uploads/2024/12/DSC_9063-768x509-1-300x199.jpg 300w" sizes="(max-width: 629px) 100vw, 629px" /></p>
<p style="text-align: justify;">Inhaltlich fokussiert Doerrys Werk das Trauma des Verlusts der von den Nationalsozialisten in Auschwitz ermordeten Lilly Doerry und die sich plötzlich einstellende Verantwortung ihrer Tochter Ilse für die jüngeren Geschwister, die bei dem Mädchen tiefe Spuren hinterlassen hat. Die Lesung fesselte die Zuhörerschaft und bot vielschichte Anknüpfungspunkte im Rahmen der sich anschließenden Diskussion, wie der <a href="http://altgsgrebenstein.de/?p=16404" target="_blank" rel="noopener">Bericht zur Lesung auf der HGS-Homepage</a> vermittelt.</p>
<p style="text-align: justify;">Gegen Ende des zweiten Halbjahres war es der HGS dann eine besondere Freude, den ehemaligen Schüler und <em>Grimme Online Award</em>-Preisträger <strong>Jason von Juterczenka</strong> an seiner ehemaligen Schule begrüßen zu können. Gemeinsam mit seinem Vater Mirco hatte er die Einladung von Gymnasialzweigleiter Dirk Weidmann angenommen, im Rahmen einer öffentlichen Lesung aus ihrem gemeinsamen Werk &#8222;<strong>Wochenendrebellen</strong>&#8220; vorzulesen, welches inzwischen sogar verfilmt wurde und zum Zeitpunkt der Lesung im Kino besucht werden konnte. Ein umfangreicher Bericht zur Lesung auf der HGS-Homepage ist <a href="http://altgsgrebenstein.de/?p=16515" target="_blank" rel="noopener">hier</a> verfügbar.</p>
<p><img decoding="async" class="alignnone size-full wp-image-17608" src="http://altgsgrebenstein.de/wp-content/uploads/2024/12/Jason-und-Mirco-von-Juterczenka-sitzend-vor-einem-Zug-Wochenendrebellen.webp" alt="" width="1366" height="768" srcset="https://altgsgrebenstein.de/wp-content/uploads/2024/12/Jason-und-Mirco-von-Juterczenka-sitzend-vor-einem-Zug-Wochenendrebellen.webp 1366w, https://altgsgrebenstein.de/wp-content/uploads/2024/12/Jason-und-Mirco-von-Juterczenka-sitzend-vor-einem-Zug-Wochenendrebellen-300x169.webp 300w, https://altgsgrebenstein.de/wp-content/uploads/2024/12/Jason-und-Mirco-von-Juterczenka-sitzend-vor-einem-Zug-Wochenendrebellen-1024x576.webp 1024w, https://altgsgrebenstein.de/wp-content/uploads/2024/12/Jason-und-Mirco-von-Juterczenka-sitzend-vor-einem-Zug-Wochenendrebellen-768x432.webp 768w" sizes="(max-width: 1366px) 100vw, 1366px" /></p>
<p style="text-align: justify;">Vordergründig handelt das Werk von Jason und Mirco von Juterczenka von der Suche nach einem Lieblings-Fußballverein für Jason, im Kern portraitiert es jedoch Jasons Heranwachsen als Autist mit all seinen Herausforderungen in Schule und Alltag. Diese Thematik bot den älteren Jahrgangsstufen der HGS eine hervorragende Lerngelegenheit, sich mit dem Thema &#8222;Anders sein&#8220; bzw. &#8222;Toleranz&#8220; auseinanderzusetzen, sodass sie es nach der auszugsweisen Lektüre und einem Besuch des gemeinschaftlichen Kinofilms sehr zu schätzen wussten, dass sich Jason als Protagonist des Filmes auch noch die Zeit nahm, mit den Klassen über seine Lebenserfahrungen ins Gespräch zu kommen.</p>
<p>23.12.2024 / WD</p>

<p>Autorenlesungen an Schulen sind weit mehr als nur ein spannendes Event – sie eröffnen jungen Menschen die Möglichkeit, Literatur auf eine ganz persönliche Weise zu erleben. Wenn Autorinnen und Autoren ihre Werke selbst vorstellen, wird Literatur lebendig und unmittelbar erfahrbar. Die teilnehmenden Schülerinnen und Schüler erhalten einen direkten Zugang zu Geschichten, Gedanken sowie zu Schreibprozessen. &hellip; <a href="https://altgsgrebenstein.de/?page_id=17303" class="more-link"><span class="screen-reader-text">Lesungen an der Heinrich-Grupe-Schule: Literatur und kulturelle Bildung im Fokus</span> weiterlesen <span class="meta-nav">&rarr;</span></a></p>
