{"id":17301,"date":"2024-10-17T09:48:42","date_gmt":"2024-10-17T08:48:42","guid":{"rendered":"http:\/\/altgsgrebenstein.de\/?page_id=17301"},"modified":"2025-08-08T01:40:25","modified_gmt":"2025-08-08T00:40:25","slug":"kulturpausen","status":"publish","type":"page","link":"https:\/\/altgsgrebenstein.de\/?page_id=17301","title":{"rendered":"&#8222;Kulturpausen&#8220; &#8211; Kultur f\u00fcr zwischendurch&#8230;"},"content":{"rendered":"<p style=\"text-align: justify;\">Mit Blick auf ihr &#8222;Kulturpausen&#8220;-Konzept nimmt die Heinrich-Grupe-Schule bundesweit eine Vorreiterrolle ein. Im Schulalltag wurde in der Vergangenheit immer wieder deutlich, dass die institutionellen Rahmenbedingungen die \u00e4sthetische Praxis zeitlich, inhaltlich und in Bezug auf m\u00f6gliche Aktivit\u00e4ten deutlich einschr\u00e4nken. Kreative Produkte der Lernenden fanden dabei im Alltag maximal in der eigenen Klasse eine gewisse W\u00fcrdigung, strahlten aber nicht \u00fcber dieses kleine Publikum hinaus in die Schulgemeinde aus. Es entwickelte sich daher der Wunsch, Kreativit\u00e4t sowie Handlungs- und Produktorientierung auch jenseits von Schulfesten oder &#8222;Bunten Abenden&#8220; f\u00fcr die Schulgemeinde sichtbar zu machen.<\/p>\n<p style=\"text-align: justify;\">Als L\u00f6sung bietet die Schule <a href=\"http:\/\/altgsgrebenstein.de\/?p=15656\" target=\"_blank\" rel=\"noopener\">seit dem Schuljahr 2023\/2024<\/a> in loser Folge allen Mitgliedern der Schulgemeinde die M\u00f6glichkeit, ihre vielschichtigen Talente in einer maximal 25min\u00fctigen &#8222;Kulturpause&#8220; unter Beweis zu stellen und Erfolge sichtbar zu machen. Hierdurch erweitert sich der \u00e4sthetische Erfahrungshorizont aller Beteiligten und die Auff\u00fchrenden k\u00f6nnen sich als selbstwirksam erleben.<\/p>\n<p style=\"text-align: justify;\">Zur Pr\u00e4sentation gelangen hier handlungs- und produktorientierte Unterrichtsergebnisse aus den unterschiedlichsten F\u00e4chern und Arbeitsgemeinschaften wie z.B. <a href=\"http:\/\/altgsgrebenstein.de\/?p=18426\" target=\"_blank\" rel=\"noopener\">selbstgebastelte B\u00fccherkisten<\/a>, selbstverfasste Kurzgeschichten und Gedichte, <a href=\"http:\/\/altgsgrebenstein.de\/?p=16442\" target=\"_blank\" rel=\"noopener\">Adaptionen literarischer Vorlagen<\/a>, Kunstobjekte, <a href=\"http:\/\/altgsgrebenstein.de\/?p=17616\" target=\"_blank\" rel=\"noopener\">kleine musikalische Kompositionen<\/a> und Lied-Beitr\u00e4ge sowie <a href=\"http:\/\/altgsgrebenstein.de\/?p=18227\" target=\"_blank\" rel=\"noopener\">Tanz-, Theater- und Turnauff\u00fchrungen<\/a>. Zudem nutzen Klassen die Gelegenheit, um anl\u00e4sslich von Welttagen ein bestimmtes Thema zu fokussieren und somit f\u00fcr die Schulgemeinde st\u00e4rker ins Bewusstsein zu r\u00fccken, so z.B. anl\u00e4sslich des weltweiten <a href=\"http:\/\/altgsgrebenstein.de\/?p=17547\" target=\"_blank\" rel=\"noopener\">&#8222;Antarktistages&#8220; am 01.12.2024<\/a> oder am <a href=\"http:\/\/altgsgrebenstein.de\/?p=18135\" target=\"_blank\" rel=\"noopener\">&#8222;Tag der Befreiung&#8220; am 08. Mai 2025<\/a>. Eine Kulturpause kann jedoch jederzeit auch genutzt werden, um <a href=\"http:\/\/altgsgrebenstein.de\/?p=17670\" target=\"_blank\" rel=\"noopener\">privat Einge\u00fcbtes<\/a> vorzuf\u00fchren &#8211; nicht selten fungiert die Kulturpause dann auch als &#8222;Generalprobe&#8220; vor Publikum im Vorfeld von privaten Auftritten oder f\u00fcr Wettbewerbe wie &#8222;Jugend musiziert&#8220;.<\/p>\n<p style=\"text-align: justify;\">Seit dem Schuljahr 2024\/2025 steht die Kulturpause auch schulexternen Personen und Gruppen offen. So konnte die HGS z.B. im M\u00e4rz 2025 mit dem renommierten &#8222;<a href=\"https:\/\/vogler-quartett.de\/\" target=\"_blank\" rel=\"noopener\">Vogler-Quartett<\/a>&#8220; professionelle Musiker zu einem <a href=\"http:\/\/altgsgrebenstein.de\/?p=17853\" target=\"_blank\" rel=\"noopener\">Kulturpausenkonzert<\/a> in der Neuen Aula der Schule begr\u00fc\u00dfen. Auch die <a href=\"http:\/\/altgsgrebenstein.de\/?p=17597\" target=\"_blank\" rel=\"noopener\">Tanz-AG der benachbarten Burgberg-Grundschule<\/a> war bereits zweimal in einer Kulturpause zu Gast und brach &#8211; gemeinsam mit dem WPU-Kurs &#8222;Tanzen&#8220; &#8211; w\u00e4hrend einer <a href=\"http:\/\/altgsgrebenstein.de\/?p=17968\" target=\"_blank\" rel=\"noopener\">Open-Air-Schulhofperformance<\/a> mit ann\u00e4hernd 350 Zuschauerinnen und Zuschauern den bisherigen Zuschauerrekord.<\/p>\n<p style=\"text-align: justify;\">Das Format &#8222;Kulturpause&#8220;, das in der Zeitschrift <a href=\"http:\/\/altgsgrebenstein.de\/wp-content\/uploads\/2025\/08\/Schule-leiten-34-Kulturpausen.pdf\">&#8222;Schule leiten&#8220;<\/a> (34\/2023) f\u00fcr die Fachcommunity genauer beschrieben wurde,\u00a0 wird im Schuljahr 2025\/2026 umfangreich fortgesetzt und u.a. um schulinterne Wettbewerbskomponenten erweitert. Wie in den vergangen Jahren wird ein Kulturpausenauftritt auch weiterhin mit einem Homepagebericht gew\u00fcrdigt werden. Interessierte Einzelpersonen, Gruppen oder Kurse\/Klassen k\u00f6nnen sich mit ihren Auff\u00fchrungsideen zwecks Terminabsprache jederzeit an den Gymnasialzweigleiter Dirk Weidmann wenden. Alle angemeldeten Kulturpausen werden nach erfolgreicher Vorbesprechung umgehend im Schulkalender eingetragen, sodass sich f\u00fcr die Schulgemeinde und die interessierte \u00d6ffentlichkeit ein regelm\u00e4\u00dfiger Blick auf die anstehenden Veranstaltungen lohnt.<\/p>\n","protected":false},"excerpt":{"rendered":"<p>Mit Blick auf ihr &#8222;Kulturpausen&#8220;-Konzept nimmt die Heinrich-Grupe-Schule bundesweit eine Vorreiterrolle ein. Im Schulalltag wurde in der Vergangenheit immer wieder deutlich, dass die institutionellen Rahmenbedingungen die \u00e4sthetische Praxis zeitlich, inhaltlich und in Bezug auf m\u00f6gliche Aktivit\u00e4ten deutlich einschr\u00e4nken. Kreative Produkte der Lernenden fanden dabei im Alltag maximal in der eigenen Klasse eine gewisse W\u00fcrdigung, strahlten &hellip; <a href=\"https:\/\/altgsgrebenstein.de\/?page_id=17301\" class=\"more-link\"><span class=\"screen-reader-text\">&#8222;Kulturpausen&#8220; &#8211; Kultur f\u00fcr zwischendurch&#8230;<\/span> weiterlesen <span class=\"meta-nav\">&rarr;<\/span><\/a><\/p>\n","protected":false},"author":9,"featured_media":0,"parent":0,"menu_order":0,"comment_status":"closed","ping_status":"closed","template":"","meta":{"saved_in_kubio":false,"footnotes":""},"class_list":["post-17301","page","type-page","status-publish","hentry"],"kubio_ai_page_context":{"short_desc":"","purpose":"general"},"_links":{"self":[{"href":"https:\/\/altgsgrebenstein.de\/index.php?rest_route=\/wp\/v2\/pages\/17301","targetHints":{"allow":["GET"]}}],"collection":[{"href":"https:\/\/altgsgrebenstein.de\/index.php?rest_route=\/wp\/v2\/pages"}],"about":[{"href":"https:\/\/altgsgrebenstein.de\/index.php?rest_route=\/wp\/v2\/types\/page"}],"author":[{"embeddable":true,"href":"https:\/\/altgsgrebenstein.de\/index.php?rest_route=\/wp\/v2\/users\/9"}],"replies":[{"embeddable":true,"href":"https:\/\/altgsgrebenstein.de\/index.php?rest_route=%2Fwp%2Fv2%2Fcomments&post=17301"}],"version-history":[{"count":7,"href":"https:\/\/altgsgrebenstein.de\/index.php?rest_route=\/wp\/v2\/pages\/17301\/revisions"}],"predecessor-version":[{"id":18498,"href":"https:\/\/altgsgrebenstein.de\/index.php?rest_route=\/wp\/v2\/pages\/17301\/revisions\/18498"}],"wp:attachment":[{"href":"https:\/\/altgsgrebenstein.de\/index.php?rest_route=%2Fwp%2Fv2%2Fmedia&parent=17301"}],"curies":[{"name":"wp","href":"https:\/\/api.w.org\/{rel}","templated":true}]}}

&#8222;Kulturpausen&#8220; &#8211; Kultur für zwischendurch&#8230;

<p style="text-align: justify;">Mit Blick auf ihr &#8222;Kulturpausen&#8220;-Konzept nimmt die Heinrich-Grupe-Schule bundesweit eine Vorreiterrolle ein. Im Schulalltag wurde in der Vergangenheit immer wieder deutlich, dass die institutionellen Rahmenbedingungen die ästhetische Praxis zeitlich, inhaltlich und in Bezug auf mögliche Aktivitäten deutlich einschränken. Kreative Produkte der Lernenden fanden dabei im Alltag maximal in der eigenen Klasse eine gewisse Würdigung, strahlten aber nicht über dieses kleine Publikum hinaus in die Schulgemeinde aus. Es entwickelte sich daher der Wunsch, Kreativität sowie Handlungs- und Produktorientierung auch jenseits von Schulfesten oder &#8222;Bunten Abenden&#8220; für die Schulgemeinde sichtbar zu machen.</p>
<p style="text-align: justify;">Als Lösung bietet die Schule <a href="http://altgsgrebenstein.de/?p=15656" target="_blank" rel="noopener">seit dem Schuljahr 2023/2024</a> in loser Folge allen Mitgliedern der Schulgemeinde die Möglichkeit, ihre vielschichtigen Talente in einer maximal 25minütigen &#8222;Kulturpause&#8220; unter Beweis zu stellen und Erfolge sichtbar zu machen. Hierdurch erweitert sich der ästhetische Erfahrungshorizont aller Beteiligten und die Aufführenden können sich als selbstwirksam erleben.</p>
<p style="text-align: justify;">Zur Präsentation gelangen hier handlungs- und produktorientierte Unterrichtsergebnisse aus den unterschiedlichsten Fächern und Arbeitsgemeinschaften wie z.B. <a href="http://altgsgrebenstein.de/?p=18426" target="_blank" rel="noopener">selbstgebastelte Bücherkisten</a>, selbstverfasste Kurzgeschichten und Gedichte, <a href="http://altgsgrebenstein.de/?p=16442" target="_blank" rel="noopener">Adaptionen literarischer Vorlagen</a>, Kunstobjekte, <a href="http://altgsgrebenstein.de/?p=17616" target="_blank" rel="noopener">kleine musikalische Kompositionen</a> und Lied-Beiträge sowie <a href="http://altgsgrebenstein.de/?p=18227" target="_blank" rel="noopener">Tanz-, Theater- und Turnaufführungen</a>. Zudem nutzen Klassen die Gelegenheit, um anlässlich von Welttagen ein bestimmtes Thema zu fokussieren und somit für die Schulgemeinde stärker ins Bewusstsein zu rücken, so z.B. anlässlich des weltweiten <a href="http://altgsgrebenstein.de/?p=17547" target="_blank" rel="noopener">&#8222;Antarktistages&#8220; am 01.12.2024</a> oder am <a href="http://altgsgrebenstein.de/?p=18135" target="_blank" rel="noopener">&#8222;Tag der Befreiung&#8220; am 08. Mai 2025</a>. Eine Kulturpause kann jedoch jederzeit auch genutzt werden, um <a href="http://altgsgrebenstein.de/?p=17670" target="_blank" rel="noopener">privat Eingeübtes</a> vorzuführen &#8211; nicht selten fungiert die Kulturpause dann auch als &#8222;Generalprobe&#8220; vor Publikum im Vorfeld von privaten Auftritten oder für Wettbewerbe wie &#8222;Jugend musiziert&#8220;.</p>
<p style="text-align: justify;">Seit dem Schuljahr 2024/2025 steht die Kulturpause auch schulexternen Personen und Gruppen offen. So konnte die HGS z.B. im März 2025 mit dem renommierten &#8222;<a href="https://vogler-quartett.de/" target="_blank" rel="noopener">Vogler-Quartett</a>&#8220; professionelle Musiker zu einem <a href="http://altgsgrebenstein.de/?p=17853" target="_blank" rel="noopener">Kulturpausenkonzert</a> in der Neuen Aula der Schule begrüßen. Auch die <a href="http://altgsgrebenstein.de/?p=17597" target="_blank" rel="noopener">Tanz-AG der benachbarten Burgberg-Grundschule</a> war bereits zweimal in einer Kulturpause zu Gast und brach &#8211; gemeinsam mit dem WPU-Kurs &#8222;Tanzen&#8220; &#8211; während einer <a href="http://altgsgrebenstein.de/?p=17968" target="_blank" rel="noopener">Open-Air-Schulhofperformance</a> mit annähernd 350 Zuschauerinnen und Zuschauern den bisherigen Zuschauerrekord.</p>
<p style="text-align: justify;">Das Format &#8222;Kulturpause&#8220;, das in der Zeitschrift <a href="http://altgsgrebenstein.de/wp-content/uploads/2025/08/Schule-leiten-34-Kulturpausen.pdf">&#8222;Schule leiten&#8220;</a> (34/2023) für die Fachcommunity genauer beschrieben wurde,  wird im Schuljahr 2025/2026 umfangreich fortgesetzt und u.a. um schulinterne Wettbewerbskomponenten erweitert. Wie in den vergangen Jahren wird ein Kulturpausenauftritt auch weiterhin mit einem Homepagebericht gewürdigt werden. Interessierte Einzelpersonen, Gruppen oder Kurse/Klassen können sich mit ihren Aufführungsideen zwecks Terminabsprache jederzeit an den Gymnasialzweigleiter Dirk Weidmann wenden. Alle angemeldeten Kulturpausen werden nach erfolgreicher Vorbesprechung umgehend im Schulkalender eingetragen, sodass sich für die Schulgemeinde und die interessierte Öffentlichkeit ein regelmäßiger Blick auf die anstehenden Veranstaltungen lohnt.</p>

<p>Mit Blick auf ihr &#8222;Kulturpausen&#8220;-Konzept nimmt die Heinrich-Grupe-Schule bundesweit eine Vorreiterrolle ein. Im Schulalltag wurde in der Vergangenheit immer wieder deutlich, dass die institutionellen Rahmenbedingungen die ästhetische Praxis zeitlich, inhaltlich und in Bezug auf mögliche Aktivitäten deutlich einschränken. Kreative Produkte der Lernenden fanden dabei im Alltag maximal in der eigenen Klasse eine gewisse Würdigung, strahlten &hellip; <a href="https://altgsgrebenstein.de/?page_id=17301" class="more-link"><span class="screen-reader-text">&#8222;Kulturpausen&#8220; &#8211; Kultur für zwischendurch&#8230;</span> weiterlesen <span class="meta-nav">&rarr;</span></a></p>
