{"id":17119,"date":"2024-09-08T10:49:54","date_gmt":"2024-09-08T09:49:54","guid":{"rendered":"http:\/\/altgsgrebenstein.de\/?page_id=17119"},"modified":"2025-06-21T08:02:59","modified_gmt":"2025-06-21T07:02:59","slug":"praevention-im-team-pit-2","status":"publish","type":"page","link":"https:\/\/altgsgrebenstein.de\/?page_id=17119","title":{"rendered":"Pr\u00e4vention im Team (PiT)"},"content":{"rendered":"<p>Mit gro\u00dfer Freude konnte die HGS heute in einem feierlichen Rahmen das Siegel des Programmes \u201e<strong>PiT<\/strong> \u2013 Pr\u00e4vention im Team\u201c entgegennehmen. Nach einigen einleitenden Worten von Schulleiterin Martina Boye-Griesel folgten Gru\u00dfworte von Frau Engler (Vize-Landr\u00e4tin im Landkreis Kassel), Herrn Sprafke (Staatliches Schulamt Kassel), Herrn Sutor, dem Grebensteiner B\u00fcrgermeister, Herrn Berbig (stellvertretender Leiter der Polizeidirektion Kassel) und Herrn Aschermann vom Netzwerk gegen Gewalt (Polizeipr\u00e4sidium Nordhessen).<\/p>\n<p><img decoding=\"async\" class=\"aligncenter size-large wp-image-16503\" src=\"http:\/\/altgsgrebenstein.de\/wp-content\/uploads\/2024\/02\/DSC_9156-scaled-e1708710550111-1024x644.jpg\" alt=\"\" width=\"604\" height=\"380\" srcset=\"https:\/\/altgsgrebenstein.de\/wp-content\/uploads\/2024\/02\/DSC_9156-scaled-e1708710550111-1024x644.jpg 1024w, https:\/\/altgsgrebenstein.de\/wp-content\/uploads\/2024\/02\/DSC_9156-scaled-e1708710550111-300x189.jpg 300w, https:\/\/altgsgrebenstein.de\/wp-content\/uploads\/2024\/02\/DSC_9156-scaled-e1708710550111-768x483.jpg 768w, https:\/\/altgsgrebenstein.de\/wp-content\/uploads\/2024\/02\/DSC_9156-scaled-e1708710550111-1536x966.jpg 1536w, https:\/\/altgsgrebenstein.de\/wp-content\/uploads\/2024\/02\/DSC_9156-scaled-e1708710550111-2048x1288.jpg 2048w\" sizes=\"(max-width: 604px) 100vw, 604px\" \/><\/p>\n<p>In den Gru\u00dfworten der eingeladenen G\u00e4ste wurde das Engagement f\u00fcr ein gewaltfreies Miteinander \u2013 auch im schulischen Umfeld hervorgerufen und betont. PiT stellt somit seit Jahren einen wichtigen Baustein in der gemeinsamen Pr\u00e4ventionsarbeit an der HGS dar.<\/p>\n<p>Die Veranstaltung wurde durch zwei musikalische Beitr\u00e4ge der Klasse G6b sowie einer t\u00e4nzerischen Einlage der Tanzgruppe von Jorge Parra abgerundet.<\/p>\n<p><img decoding=\"async\" class=\"aligncenter size-large wp-image-16500\" src=\"http:\/\/altgsgrebenstein.de\/wp-content\/uploads\/2024\/02\/DSC_9141-1024x678.jpg\" alt=\"\" width=\"604\" height=\"400\" srcset=\"https:\/\/altgsgrebenstein.de\/wp-content\/uploads\/2024\/02\/DSC_9141-1024x678.jpg 1024w, https:\/\/altgsgrebenstein.de\/wp-content\/uploads\/2024\/02\/DSC_9141-300x199.jpg 300w, https:\/\/altgsgrebenstein.de\/wp-content\/uploads\/2024\/02\/DSC_9141-768x509.jpg 768w, https:\/\/altgsgrebenstein.de\/wp-content\/uploads\/2024\/02\/DSC_9141-1536x1017.jpg 1536w, https:\/\/altgsgrebenstein.de\/wp-content\/uploads\/2024\/02\/DSC_9141-2048x1356.jpg 2048w\" sizes=\"(max-width: 604px) 100vw, 604px\" \/><\/p>\n<p>Die Klasse G7b von Frau Meister stellte anhand einer Pr\u00e4sentation die Eindr\u00fccke aus der Projektwoche im Januar zusammen. Ein besonderer Dank gilt dabei den Lernenden Adrian, Can und Anabell, die die G\u00e4ste mit einer tollen Moderation durch die Pr\u00e4sentation f\u00fchrten.<\/p>\n<p><img decoding=\"async\" class=\"aligncenter size-large wp-image-16501\" src=\"http:\/\/altgsgrebenstein.de\/wp-content\/uploads\/2024\/02\/DSC_9110-1024x678.jpg\" alt=\"\" width=\"604\" height=\"400\" srcset=\"https:\/\/altgsgrebenstein.de\/wp-content\/uploads\/2024\/02\/DSC_9110-1024x678.jpg 1024w, https:\/\/altgsgrebenstein.de\/wp-content\/uploads\/2024\/02\/DSC_9110-300x199.jpg 300w, https:\/\/altgsgrebenstein.de\/wp-content\/uploads\/2024\/02\/DSC_9110-768x509.jpg 768w, https:\/\/altgsgrebenstein.de\/wp-content\/uploads\/2024\/02\/DSC_9110-1536x1017.jpg 1536w, https:\/\/altgsgrebenstein.de\/wp-content\/uploads\/2024\/02\/DSC_9110-2048x1356.jpg 2048w\" sizes=\"(max-width: 604px) 100vw, 604px\" \/><\/p>\n<p>PiT ist ein opferzentriertes Programm des Landes Hessen, welches Sch\u00fclerinnen und Sch\u00fclern erm\u00f6glicht, eigene, gewaltfreie Handlungsm\u00f6glichkeiten in gewaltbesetzten Situationen zu entwickeln und auszuprobieren. Dabei ist der Trainingsansatz immer gewaltfrei.<br \/>\nDie Klasse G7b wurde an f\u00fcnf Tagen auf das Thema Gewalt im \u00f6ffentlichen Raum aufmerksam gemacht. Unter anderem besch\u00e4ftigten sich die Jugendlichen mit den Bausteinen: <em>Gef\u00fchle und Gewalt<\/em>, <em>Konfliktausstieg<\/em> und <em>Helferverhalten<\/em>.<\/p>\n<p>Ziel des Projektes ist es, Jugendliche des 7. Jahrgangs zum Thema Gewalt zu sensibilisieren und sprachf\u00e4hig zu machen. Unter dem Motto\u00a0\u201e<em>Erfahren statt Belehren\u201c<\/em>, lernte die Klasse in opferzentrierten Trainings, Sprachlosigkeit in Gewaltsituationen zu \u00fcberwinden und Konflikte gewaltfrei zu l\u00f6sen. Sie entwickelten Strategien, um in Gewaltsituationen handlungsf\u00e4hig zu bleiben.<\/p>\n<p><img decoding=\"async\" class=\"aligncenter size-large wp-image-16502\" src=\"http:\/\/altgsgrebenstein.de\/wp-content\/uploads\/2024\/02\/DSC_9152-1024x678.jpg\" alt=\"\" width=\"604\" height=\"400\" srcset=\"https:\/\/altgsgrebenstein.de\/wp-content\/uploads\/2024\/02\/DSC_9152-1024x678.jpg 1024w, https:\/\/altgsgrebenstein.de\/wp-content\/uploads\/2024\/02\/DSC_9152-300x199.jpg 300w, https:\/\/altgsgrebenstein.de\/wp-content\/uploads\/2024\/02\/DSC_9152-768x509.jpg 768w, https:\/\/altgsgrebenstein.de\/wp-content\/uploads\/2024\/02\/DSC_9152-1536x1017.jpg 1536w, https:\/\/altgsgrebenstein.de\/wp-content\/uploads\/2024\/02\/DSC_9152-2048x1356.jpg 2048w\" sizes=\"(max-width: 604px) 100vw, 604px\" \/><\/p>\n<p>Die Durchf\u00fchrung des Projektes wurde von den Lehrkr\u00e4ften Herrn Bikic und Frau Seewald, der UBUS-Kraft, Frau Fechner sowie dem Schutzmann vor Ort, Herrn Schmalz begleitet. Gerade die multiprofessionelle Aufstellung des Teams, erm\u00f6glicht einen guten Austausch und die Einnahme unterschiedlicher Blickwinkel auf die Thematik.\u00a0Alle Teilnehmenden hatten viel Freude bei der Umsetzung.<\/p>\n<p>&nbsp;<\/p>\n<p>&nbsp;<\/p>\n","protected":false},"excerpt":{"rendered":"<p>Mit gro\u00dfer Freude konnte die HGS heute in einem feierlichen Rahmen das Siegel des Programmes \u201ePiT \u2013 Pr\u00e4vention im Team\u201c entgegennehmen. Nach einigen einleitenden Worten von Schulleiterin Martina Boye-Griesel folgten Gru\u00dfworte von Frau Engler (Vize-Landr\u00e4tin im Landkreis Kassel), Herrn Sprafke (Staatliches Schulamt Kassel), Herrn Sutor, dem Grebensteiner B\u00fcrgermeister, Herrn Berbig (stellvertretender Leiter der Polizeidirektion Kassel) &hellip; <a href=\"https:\/\/altgsgrebenstein.de\/?page_id=17119\" class=\"more-link\"><span class=\"screen-reader-text\">Pr\u00e4vention im Team (PiT)<\/span> weiterlesen <span class=\"meta-nav\">&rarr;<\/span><\/a><\/p>\n","protected":false},"author":9,"featured_media":0,"parent":0,"menu_order":0,"comment_status":"closed","ping_status":"closed","template":"","meta":{"saved_in_kubio":false,"footnotes":""},"class_list":["post-17119","page","type-page","status-publish","hentry"],"kubio_ai_page_context":{"short_desc":"","purpose":"general"},"_links":{"self":[{"href":"https:\/\/altgsgrebenstein.de\/index.php?rest_route=\/wp\/v2\/pages\/17119","targetHints":{"allow":["GET"]}}],"collection":[{"href":"https:\/\/altgsgrebenstein.de\/index.php?rest_route=\/wp\/v2\/pages"}],"about":[{"href":"https:\/\/altgsgrebenstein.de\/index.php?rest_route=\/wp\/v2\/types\/page"}],"author":[{"embeddable":true,"href":"https:\/\/altgsgrebenstein.de\/index.php?rest_route=\/wp\/v2\/users\/9"}],"replies":[{"embeddable":true,"href":"https:\/\/altgsgrebenstein.de\/index.php?rest_route=%2Fwp%2Fv2%2Fcomments&post=17119"}],"version-history":[{"count":2,"href":"https:\/\/altgsgrebenstein.de\/index.php?rest_route=\/wp\/v2\/pages\/17119\/revisions"}],"predecessor-version":[{"id":18301,"href":"https:\/\/altgsgrebenstein.de\/index.php?rest_route=\/wp\/v2\/pages\/17119\/revisions\/18301"}],"wp:attachment":[{"href":"https:\/\/altgsgrebenstein.de\/index.php?rest_route=%2Fwp%2Fv2%2Fmedia&parent=17119"}],"curies":[{"name":"wp","href":"https:\/\/api.w.org\/{rel}","templated":true}]}}

Prävention im Team (PiT)

<p>Mit großer Freude konnte die HGS heute in einem feierlichen Rahmen das Siegel des Programmes „<strong>PiT</strong> – Prävention im Team“ entgegennehmen. Nach einigen einleitenden Worten von Schulleiterin Martina Boye-Griesel folgten Grußworte von Frau Engler (Vize-Landrätin im Landkreis Kassel), Herrn Sprafke (Staatliches Schulamt Kassel), Herrn Sutor, dem Grebensteiner Bürgermeister, Herrn Berbig (stellvertretender Leiter der Polizeidirektion Kassel) und Herrn Aschermann vom Netzwerk gegen Gewalt (Polizeipräsidium Nordhessen).</p>
<p><img decoding="async" class="aligncenter size-large wp-image-16503" src="http://altgsgrebenstein.de/wp-content/uploads/2024/02/DSC_9156-scaled-e1708710550111-1024x644.jpg" alt="" width="604" height="380" srcset="https://altgsgrebenstein.de/wp-content/uploads/2024/02/DSC_9156-scaled-e1708710550111-1024x644.jpg 1024w, https://altgsgrebenstein.de/wp-content/uploads/2024/02/DSC_9156-scaled-e1708710550111-300x189.jpg 300w, https://altgsgrebenstein.de/wp-content/uploads/2024/02/DSC_9156-scaled-e1708710550111-768x483.jpg 768w, https://altgsgrebenstein.de/wp-content/uploads/2024/02/DSC_9156-scaled-e1708710550111-1536x966.jpg 1536w, https://altgsgrebenstein.de/wp-content/uploads/2024/02/DSC_9156-scaled-e1708710550111-2048x1288.jpg 2048w" sizes="(max-width: 604px) 100vw, 604px" /></p>
<p>In den Grußworten der eingeladenen Gäste wurde das Engagement für ein gewaltfreies Miteinander – auch im schulischen Umfeld hervorgerufen und betont. PiT stellt somit seit Jahren einen wichtigen Baustein in der gemeinsamen Präventionsarbeit an der HGS dar.</p>
<p>Die Veranstaltung wurde durch zwei musikalische Beiträge der Klasse G6b sowie einer tänzerischen Einlage der Tanzgruppe von Jorge Parra abgerundet.</p>
<p><img decoding="async" class="aligncenter size-large wp-image-16500" src="http://altgsgrebenstein.de/wp-content/uploads/2024/02/DSC_9141-1024x678.jpg" alt="" width="604" height="400" srcset="https://altgsgrebenstein.de/wp-content/uploads/2024/02/DSC_9141-1024x678.jpg 1024w, https://altgsgrebenstein.de/wp-content/uploads/2024/02/DSC_9141-300x199.jpg 300w, https://altgsgrebenstein.de/wp-content/uploads/2024/02/DSC_9141-768x509.jpg 768w, https://altgsgrebenstein.de/wp-content/uploads/2024/02/DSC_9141-1536x1017.jpg 1536w, https://altgsgrebenstein.de/wp-content/uploads/2024/02/DSC_9141-2048x1356.jpg 2048w" sizes="(max-width: 604px) 100vw, 604px" /></p>
<p>Die Klasse G7b von Frau Meister stellte anhand einer Präsentation die Eindrücke aus der Projektwoche im Januar zusammen. Ein besonderer Dank gilt dabei den Lernenden Adrian, Can und Anabell, die die Gäste mit einer tollen Moderation durch die Präsentation führten.</p>
<p><img decoding="async" class="aligncenter size-large wp-image-16501" src="http://altgsgrebenstein.de/wp-content/uploads/2024/02/DSC_9110-1024x678.jpg" alt="" width="604" height="400" srcset="https://altgsgrebenstein.de/wp-content/uploads/2024/02/DSC_9110-1024x678.jpg 1024w, https://altgsgrebenstein.de/wp-content/uploads/2024/02/DSC_9110-300x199.jpg 300w, https://altgsgrebenstein.de/wp-content/uploads/2024/02/DSC_9110-768x509.jpg 768w, https://altgsgrebenstein.de/wp-content/uploads/2024/02/DSC_9110-1536x1017.jpg 1536w, https://altgsgrebenstein.de/wp-content/uploads/2024/02/DSC_9110-2048x1356.jpg 2048w" sizes="(max-width: 604px) 100vw, 604px" /></p>
<p>PiT ist ein opferzentriertes Programm des Landes Hessen, welches Schülerinnen und Schülern ermöglicht, eigene, gewaltfreie Handlungsmöglichkeiten in gewaltbesetzten Situationen zu entwickeln und auszuprobieren. Dabei ist der Trainingsansatz immer gewaltfrei.<br />
Die Klasse G7b wurde an fünf Tagen auf das Thema Gewalt im öffentlichen Raum aufmerksam gemacht. Unter anderem beschäftigten sich die Jugendlichen mit den Bausteinen: <em>Gefühle und Gewalt</em>, <em>Konfliktausstieg</em> und <em>Helferverhalten</em>.</p>
<p>Ziel des Projektes ist es, Jugendliche des 7. Jahrgangs zum Thema Gewalt zu sensibilisieren und sprachfähig zu machen. Unter dem Motto „<em>Erfahren statt Belehren“</em>, lernte die Klasse in opferzentrierten Trainings, Sprachlosigkeit in Gewaltsituationen zu überwinden und Konflikte gewaltfrei zu lösen. Sie entwickelten Strategien, um in Gewaltsituationen handlungsfähig zu bleiben.</p>
<p><img decoding="async" class="aligncenter size-large wp-image-16502" src="http://altgsgrebenstein.de/wp-content/uploads/2024/02/DSC_9152-1024x678.jpg" alt="" width="604" height="400" srcset="https://altgsgrebenstein.de/wp-content/uploads/2024/02/DSC_9152-1024x678.jpg 1024w, https://altgsgrebenstein.de/wp-content/uploads/2024/02/DSC_9152-300x199.jpg 300w, https://altgsgrebenstein.de/wp-content/uploads/2024/02/DSC_9152-768x509.jpg 768w, https://altgsgrebenstein.de/wp-content/uploads/2024/02/DSC_9152-1536x1017.jpg 1536w, https://altgsgrebenstein.de/wp-content/uploads/2024/02/DSC_9152-2048x1356.jpg 2048w" sizes="(max-width: 604px) 100vw, 604px" /></p>
<p>Die Durchführung des Projektes wurde von den Lehrkräften Herrn Bikic und Frau Seewald, der UBUS-Kraft, Frau Fechner sowie dem Schutzmann vor Ort, Herrn Schmalz begleitet. Gerade die multiprofessionelle Aufstellung des Teams, ermöglicht einen guten Austausch und die Einnahme unterschiedlicher Blickwinkel auf die Thematik. Alle Teilnehmenden hatten viel Freude bei der Umsetzung.</p>
<p>&nbsp;</p>
<p>&nbsp;</p>

<p>Mit großer Freude konnte die HGS heute in einem feierlichen Rahmen das Siegel des Programmes „PiT – Prävention im Team“ entgegennehmen. Nach einigen einleitenden Worten von Schulleiterin Martina Boye-Griesel folgten Grußworte von Frau Engler (Vize-Landrätin im Landkreis Kassel), Herrn Sprafke (Staatliches Schulamt Kassel), Herrn Sutor, dem Grebensteiner Bürgermeister, Herrn Berbig (stellvertretender Leiter der Polizeidirektion Kassel) &hellip; <a href="https://altgsgrebenstein.de/?page_id=17119" class="more-link"><span class="screen-reader-text">Prävention im Team (PiT)</span> weiterlesen <span class="meta-nav">&rarr;</span></a></p>
