{"id":14980,"date":"2022-11-01T10:00:55","date_gmt":"2022-11-01T09:00:55","guid":{"rendered":"http:\/\/altgsgrebenstein.de\/?page_id=14980"},"modified":"2025-06-21T08:05:21","modified_gmt":"2025-06-21T07:05:21","slug":"schuelerzeitung-online","status":"publish","type":"page","link":"https:\/\/altgsgrebenstein.de\/?page_id=14980","title":{"rendered":"Schulpodcasts der HGS"},"content":{"rendered":"<p><strong>Buchempfehlungen<\/strong><\/p>\n<p>Die Podcast-AG hat Frederik Weidmann interviewt, den Sieger des Vorlesewettbewerbs 2023\/24 an der HGS und Teilnehmer am Landesentscheid Hessen 2024.<\/p>\n<p>H\u00f6rt gerne mal rein, denn Frederik hat drei spannende Buchempfehlungen f\u00fcr Euch.<\/p>\n<p>&nbsp;<\/p>\n<p>&nbsp;<\/p>\n<p><strong>Podcast mit\u00a0 Frau Boye-Griesel<\/strong><\/p>\n<p>Wir freuen uns sehr, euch in unserer neuen Podcastfolge unsere Schulleiterin Frau Boye-Griesel vorstellen zu k\u00f6nnen!<\/p>\n<p>Frau Boye-Griesel ist seit 2016 Schulleiterin der Heinrich-Grupe-Schule und berichtet uns in diesem Interview von ihrem spannenden Alltag als Schulleiterin. Aber h\u00f6rt selbst\u2026<\/p>\n<!--[if lt IE 9]><script>document.createElement('audio');<\/script><![endif]-->\n<audio class=\"wp-audio-shortcode\" id=\"audio-14980-1\" preload=\"none\" style=\"width: 100%;\" controls=\"controls\"><source type=\"audio\/mpeg\" src=\"http:\/\/altgsgrebenstein.de\/wp-content\/uploads\/2024\/06\/PodcastfolgeBG.m4a?_=1\" \/><a href=\"http:\/\/altgsgrebenstein.de\/wp-content\/uploads\/2024\/06\/PodcastfolgeBG.m4a\">http:\/\/altgsgrebenstein.de\/wp-content\/uploads\/2024\/06\/PodcastfolgeBG.m4a<\/a><\/audio>\n<p>&nbsp;<\/p>\n<p><strong>Jahresabschluss\u00a0<\/strong><\/p>\n<p>Das Schuljahr neigt sich dem Ende zu. Die Podcast-AG m\u00f6chte die Gelegenheit noch einmal nutzen, um Einblicke in zwei Highlights unseres Schullebens aus den letzten Wochen zu gew\u00e4hren.<\/p>\n<p>Zum einen war am 22. Mai das 39. Caf\u00e9 Beruf an der HGS. Eine eigene kleine Berufsmesse, die seit vielen Jahren fester Bestandteil der Berufsorientierung an dieser Schule ist.<\/p>\n<p>Zum anderen konnten wir ein paar Tage danach unser gro\u00dfes Schuljubil\u00e4um feiern.<\/p>\n<p>Die Heinrich-Grupe-Schule ist dieses Jahr 50 Jahre alt geworden und dies wurde am 25. Mai bei gro\u00dfartigem Wetter mit der Schulgemeinschaft und vielen weiteren G\u00e4sten geb\u00fchrend gefeiert!<\/p>\n<audio class=\"wp-audio-shortcode\" id=\"audio-14980-2\" preload=\"none\" style=\"width: 100%;\" controls=\"controls\"><source type=\"audio\/mpeg\" src=\"http:\/\/altgsgrebenstein.de\/wp-content\/uploads\/2024\/06\/PodcastJahresabschluss.m4a?_=2\" \/><a href=\"http:\/\/altgsgrebenstein.de\/wp-content\/uploads\/2024\/06\/PodcastJahresabschluss.m4a\">http:\/\/altgsgrebenstein.de\/wp-content\/uploads\/2024\/06\/PodcastJahresabschluss.m4a<\/a><\/audio>\n<p>&nbsp;<\/p>\n<p><strong>Der F\u00f6rderverein der HGS<\/strong><\/p>\n<p>Liebe Schulgemeinschaft,<\/p>\n<p>die Podcast-AG ist mit einigen Neuzug\u00e4ngen und viel Motivation ins neue Schulhjahr gestartet.<\/p>\n<p>In unserer ersten Folge im Schuljahr 2024\/ 2025 soll es um den F\u00f6rderverein der Heinrich-Gruppe-Schule gehen. Daf\u00fcr haben wir Frau M\u00fchlbrodt zum Interview eingeladen. Was Frau M\u00fchlbrodt mit dem F\u00f6rderverein zu tun hat und was genau der F\u00f6rderverein ist, erfahrt ihr, wenn ihr reinh\u00f6rt. Viel Spa\u00df dabei!<\/p>\n<audio class=\"wp-audio-shortcode\" id=\"audio-14980-3\" preload=\"none\" style=\"width: 100%;\" controls=\"controls\"><source type=\"audio\/mpeg\" src=\"http:\/\/altgsgrebenstein.de\/wp-content\/uploads\/2024\/10\/PodcastFoerderverein.m4a?_=3\" \/><a href=\"http:\/\/altgsgrebenstein.de\/wp-content\/uploads\/2024\/10\/PodcastFoerderverein.m4a\">http:\/\/altgsgrebenstein.de\/wp-content\/uploads\/2024\/10\/PodcastFoerderverein.m4a<\/a><\/audio>\n<p>&nbsp;<\/p>\n<p><strong>Vorstellung der Mint und der Spanisch AG<\/strong><\/p>\n<p>Hallo liebe Zuh\u00f6rerinnen\u00a0 und Zuh\u00f6rer,<\/p>\n<p>heute wollen wir Euch in unserem neuen Podcast zwei unserer AG-Angebote an der HGS vorstellen. Wir haben f\u00fcr Euch die Spanisch-AG und die MINT-AG interviewt, damit ihr Euch eine Vorstellung davon machen k\u00f6nnt, was dort so gemacht und erlebt wird.<\/p>\n<p>Gerne m\u00f6chten wir Euch nach und nach in unseren Podcastfolgen noch mehrere unserer interessanten AG-Angebote vorstellen. Seid gespannt und h\u00f6rt rein!<\/p>\n<audio class=\"wp-audio-shortcode\" id=\"audio-14980-4\" preload=\"none\" style=\"width: 100%;\" controls=\"controls\"><source type=\"audio\/mpeg\" src=\"http:\/\/altgsgrebenstein.de\/wp-content\/uploads\/2024\/12\/PodcastMintSpanisch.mp3?_=4\" \/><a href=\"http:\/\/altgsgrebenstein.de\/wp-content\/uploads\/2024\/12\/PodcastMintSpanisch.mp3\">http:\/\/altgsgrebenstein.de\/wp-content\/uploads\/2024\/12\/PodcastMintSpanisch.mp3<\/a><\/audio>\n","protected":false},"excerpt":{"rendered":"<p>Buchempfehlungen Die Podcast-AG hat Frederik Weidmann interviewt, den Sieger des Vorlesewettbewerbs 2023\/24 an der HGS und Teilnehmer am Landesentscheid Hessen 2024. H\u00f6rt gerne mal rein, denn Frederik hat drei spannende Buchempfehlungen f\u00fcr Euch. &nbsp; &nbsp; Podcast mit\u00a0 Frau Boye-Griesel Wir freuen uns sehr, euch in unserer neuen Podcastfolge unsere Schulleiterin Frau Boye-Griesel vorstellen zu k\u00f6nnen! &hellip; <a href=\"https:\/\/altgsgrebenstein.de\/?page_id=14980\" class=\"more-link\"><span class=\"screen-reader-text\">Schulpodcasts der HGS<\/span> weiterlesen <span class=\"meta-nav\">&rarr;<\/span><\/a><\/p>\n","protected":false},"author":12,"featured_media":0,"parent":0,"menu_order":0,"comment_status":"closed","ping_status":"closed","template":"","meta":{"saved_in_kubio":false,"footnotes":""},"class_list":["post-14980","page","type-page","status-publish","hentry"],"kubio_ai_page_context":{"short_desc":"","purpose":"general"},"_links":{"self":[{"href":"https:\/\/altgsgrebenstein.de\/index.php?rest_route=\/wp\/v2\/pages\/14980","targetHints":{"allow":["GET"]}}],"collection":[{"href":"https:\/\/altgsgrebenstein.de\/index.php?rest_route=\/wp\/v2\/pages"}],"about":[{"href":"https:\/\/altgsgrebenstein.de\/index.php?rest_route=\/wp\/v2\/types\/page"}],"author":[{"embeddable":true,"href":"https:\/\/altgsgrebenstein.de\/index.php?rest_route=\/wp\/v2\/users\/12"}],"replies":[{"embeddable":true,"href":"https:\/\/altgsgrebenstein.de\/index.php?rest_route=%2Fwp%2Fv2%2Fcomments&post=14980"}],"version-history":[{"count":9,"href":"https:\/\/altgsgrebenstein.de\/index.php?rest_route=\/wp\/v2\/pages\/14980\/revisions"}],"predecessor-version":[{"id":18303,"href":"https:\/\/altgsgrebenstein.de\/index.php?rest_route=\/wp\/v2\/pages\/14980\/revisions\/18303"}],"wp:attachment":[{"href":"https:\/\/altgsgrebenstein.de\/index.php?rest_route=%2Fwp%2Fv2%2Fmedia&parent=14980"}],"curies":[{"name":"wp","href":"https:\/\/api.w.org\/{rel}","templated":true}]}}

<p><strong>Buchempfehlungen</strong></p>
<p>Die Podcast-AG hat Frederik Weidmann interviewt, den Sieger des Vorlesewettbewerbs 2023/24 an der HGS und Teilnehmer am Landesentscheid Hessen 2024.</p>
<p>Hört gerne mal rein, denn Frederik hat drei spannende Buchempfehlungen für Euch.</p>
<p>&nbsp;</p>
<p>&nbsp;</p>
<p><strong>Podcast mit  Frau Boye-Griesel</strong></p>
<p>Wir freuen uns sehr, euch in unserer neuen Podcastfolge unsere Schulleiterin Frau Boye-Griesel vorstellen zu können!</p>
<p>Frau Boye-Griesel ist seit 2016 Schulleiterin der Heinrich-Grupe-Schule und berichtet uns in diesem Interview von ihrem spannenden Alltag als Schulleiterin. Aber hört selbst…</p>
<!--[if lt IE 9]><script>document.createElement('audio');</script><![endif]-->
<audio class="wp-audio-shortcode" id="audio-14980-1" preload="none" style="width: 100%;" controls="controls"><source type="audio/mpeg" src="http://altgsgrebenstein.de/wp-content/uploads/2024/06/PodcastfolgeBG.m4a?_=1" /><a href="http://altgsgrebenstein.de/wp-content/uploads/2024/06/PodcastfolgeBG.m4a">http://altgsgrebenstein.de/wp-content/uploads/2024/06/PodcastfolgeBG.m4a</a></audio>
<p>&nbsp;</p>
<p><strong>Jahresabschluss </strong></p>
<p>Das Schuljahr neigt sich dem Ende zu. Die Podcast-AG möchte die Gelegenheit noch einmal nutzen, um Einblicke in zwei Highlights unseres Schullebens aus den letzten Wochen zu gewähren.</p>
<p>Zum einen war am 22. Mai das 39. Café Beruf an der HGS. Eine eigene kleine Berufsmesse, die seit vielen Jahren fester Bestandteil der Berufsorientierung an dieser Schule ist.</p>
<p>Zum anderen konnten wir ein paar Tage danach unser großes Schuljubiläum feiern.</p>
<p>Die Heinrich-Grupe-Schule ist dieses Jahr 50 Jahre alt geworden und dies wurde am 25. Mai bei großartigem Wetter mit der Schulgemeinschaft und vielen weiteren Gästen gebührend gefeiert!</p>
<audio class="wp-audio-shortcode" id="audio-14980-2" preload="none" style="width: 100%;" controls="controls"><source type="audio/mpeg" src="http://altgsgrebenstein.de/wp-content/uploads/2024/06/PodcastJahresabschluss.m4a?_=2" /><a href="http://altgsgrebenstein.de/wp-content/uploads/2024/06/PodcastJahresabschluss.m4a">http://altgsgrebenstein.de/wp-content/uploads/2024/06/PodcastJahresabschluss.m4a</a></audio>
<p>&nbsp;</p>
<p><strong>Der Förderverein der HGS</strong></p>
<p>Liebe Schulgemeinschaft,</p>
<p>die Podcast-AG ist mit einigen Neuzugängen und viel Motivation ins neue Schulhjahr gestartet.</p>
<p>In unserer ersten Folge im Schuljahr 2024/ 2025 soll es um den Förderverein der Heinrich-Gruppe-Schule gehen. Dafür haben wir Frau Mühlbrodt zum Interview eingeladen. Was Frau Mühlbrodt mit dem Förderverein zu tun hat und was genau der Förderverein ist, erfahrt ihr, wenn ihr reinhört. Viel Spaß dabei!</p>
<audio class="wp-audio-shortcode" id="audio-14980-3" preload="none" style="width: 100%;" controls="controls"><source type="audio/mpeg" src="http://altgsgrebenstein.de/wp-content/uploads/2024/10/PodcastFoerderverein.m4a?_=3" /><a href="http://altgsgrebenstein.de/wp-content/uploads/2024/10/PodcastFoerderverein.m4a">http://altgsgrebenstein.de/wp-content/uploads/2024/10/PodcastFoerderverein.m4a</a></audio>
<p>&nbsp;</p>
<p><strong>Vorstellung der Mint und der Spanisch AG</strong></p>
<p>Hallo liebe Zuhörerinnen  und Zuhörer,</p>
<p>heute wollen wir Euch in unserem neuen Podcast zwei unserer AG-Angebote an der HGS vorstellen. Wir haben für Euch die Spanisch-AG und die MINT-AG interviewt, damit ihr Euch eine Vorstellung davon machen könnt, was dort so gemacht und erlebt wird.</p>
<p>Gerne möchten wir Euch nach und nach in unseren Podcastfolgen noch mehrere unserer interessanten AG-Angebote vorstellen. Seid gespannt und hört rein!</p>
<audio class="wp-audio-shortcode" id="audio-14980-4" preload="none" style="width: 100%;" controls="controls"><source type="audio/mpeg" src="http://altgsgrebenstein.de/wp-content/uploads/2024/12/PodcastMintSpanisch.mp3?_=4" /><a href="http://altgsgrebenstein.de/wp-content/uploads/2024/12/PodcastMintSpanisch.mp3">http://altgsgrebenstein.de/wp-content/uploads/2024/12/PodcastMintSpanisch.mp3</a></audio>

<p>Buchempfehlungen Die Podcast-AG hat Frederik Weidmann interviewt, den Sieger des Vorlesewettbewerbs 2023/24 an der HGS und Teilnehmer am Landesentscheid Hessen 2024. Hört gerne mal rein, denn Frederik hat drei spannende Buchempfehlungen für Euch. &nbsp; &nbsp; Podcast mit  Frau Boye-Griesel Wir freuen uns sehr, euch in unserer neuen Podcastfolge unsere Schulleiterin Frau Boye-Griesel vorstellen zu können! &hellip; <a href="https://altgsgrebenstein.de/?page_id=14980" class="more-link"><span class="screen-reader-text">Schulpodcasts der HGS</span> weiterlesen <span class="meta-nav">&rarr;</span></a></p>
