{"id":140,"date":"2016-06-19T12:31:47","date_gmt":"2016-06-19T12:31:47","guid":{"rendered":"http:\/\/wordpress.gsgrebenstein.net\/?page_id=140"},"modified":"2020-12-17T23:03:11","modified_gmt":"2020-12-17T22:03:11","slug":"deutsch","status":"publish","type":"page","link":"https:\/\/altgsgrebenstein.de\/?page_id=140","title":{"rendered":"Deutsch"},"content":{"rendered":"<p>Lesen, Schreiben, Reden<br \/>\nDie F\u00f6rderung dieser drei Kompetenzen ist das Kerngesch\u00e4ft des Deutschunterrichtes an der HGS.<\/p>\n<p><em>&#8222;Erst in der Sprache nimmt die Welt ihre geistige Gestalt an&#8220;<\/em> (Karl Vo\u00dfler)<\/p>\n<p>Im Mittelpunkt des Deutschunterrichts steht die Entwicklung der Sprachkompetenz der Sch\u00fclerinnen und Sch\u00fcler.<br \/>\nDie Sprachkompetenz l\u00e4sst sich in sechs Bereiche einteilen: H\u00f6rverstehen und Leseverstehen (rezeptiv), Sprechen und Schreiben (produktiv) und Wortschatz und Grammatik (kognitiv).<br \/>\nSomit geht es immer darum, geschriebene und gesprochene Texte der Norm entsprechend zu verfassen und zu verstehen.<\/p>\n<p>&nbsp;<\/p>\n<p>&nbsp;<\/p>\n","protected":false},"excerpt":{"rendered":"<p>Lesen, Schreiben, Reden Die F\u00f6rderung dieser drei Kompetenzen ist das Kerngesch\u00e4ft des Deutschunterrichtes an der HGS. &#8222;Erst in der Sprache nimmt die Welt ihre geistige Gestalt an&#8220; (Karl Vo\u00dfler) Im Mittelpunkt des Deutschunterrichts steht die Entwicklung der Sprachkompetenz der Sch\u00fclerinnen und Sch\u00fcler. Die Sprachkompetenz l\u00e4sst sich in sechs Bereiche einteilen: H\u00f6rverstehen und Leseverstehen (rezeptiv), Sprechen &hellip; <a href=\"https:\/\/altgsgrebenstein.de\/?page_id=140\" class=\"more-link\"><span class=\"screen-reader-text\">Deutsch<\/span> weiterlesen <span class=\"meta-nav\">&rarr;<\/span><\/a><\/p>\n","protected":false},"author":9,"featured_media":0,"parent":0,"menu_order":0,"comment_status":"closed","ping_status":"closed","template":"","meta":{"saved_in_kubio":false,"footnotes":""},"class_list":["post-140","page","type-page","status-publish","hentry"],"kubio_ai_page_context":{"short_desc":"","purpose":"general"},"_links":{"self":[{"href":"https:\/\/altgsgrebenstein.de\/index.php?rest_route=\/wp\/v2\/pages\/140","targetHints":{"allow":["GET"]}}],"collection":[{"href":"https:\/\/altgsgrebenstein.de\/index.php?rest_route=\/wp\/v2\/pages"}],"about":[{"href":"https:\/\/altgsgrebenstein.de\/index.php?rest_route=\/wp\/v2\/types\/page"}],"author":[{"embeddable":true,"href":"https:\/\/altgsgrebenstein.de\/index.php?rest_route=\/wp\/v2\/users\/9"}],"replies":[{"embeddable":true,"href":"https:\/\/altgsgrebenstein.de\/index.php?rest_route=%2Fwp%2Fv2%2Fcomments&post=140"}],"version-history":[{"count":1,"href":"https:\/\/altgsgrebenstein.de\/index.php?rest_route=\/wp\/v2\/pages\/140\/revisions"}],"predecessor-version":[{"id":11979,"href":"https:\/\/altgsgrebenstein.de\/index.php?rest_route=\/wp\/v2\/pages\/140\/revisions\/11979"}],"wp:attachment":[{"href":"https:\/\/altgsgrebenstein.de\/index.php?rest_route=%2Fwp%2Fv2%2Fmedia&parent=140"}],"curies":[{"name":"wp","href":"https:\/\/api.w.org\/{rel}","templated":true}]}}

<p>Lesen, Schreiben, Reden<br />
Die Förderung dieser drei Kompetenzen ist das Kerngeschäft des Deutschunterrichtes an der HGS.</p>
<p><em>&#8222;Erst in der Sprache nimmt die Welt ihre geistige Gestalt an&#8220;</em> (Karl Voßler)</p>
<p>Im Mittelpunkt des Deutschunterrichts steht die Entwicklung der Sprachkompetenz der Schülerinnen und Schüler.<br />
Die Sprachkompetenz lässt sich in sechs Bereiche einteilen: Hörverstehen und Leseverstehen (rezeptiv), Sprechen und Schreiben (produktiv) und Wortschatz und Grammatik (kognitiv).<br />
Somit geht es immer darum, geschriebene und gesprochene Texte der Norm entsprechend zu verfassen und zu verstehen.</p>
<p>&nbsp;</p>
<p>&nbsp;</p>

<p>Lesen, Schreiben, Reden Die Förderung dieser drei Kompetenzen ist das Kerngeschäft des Deutschunterrichtes an der HGS. &#8222;Erst in der Sprache nimmt die Welt ihre geistige Gestalt an&#8220; (Karl Voßler) Im Mittelpunkt des Deutschunterrichts steht die Entwicklung der Sprachkompetenz der Schülerinnen und Schüler. Die Sprachkompetenz lässt sich in sechs Bereiche einteilen: Hörverstehen und Leseverstehen (rezeptiv), Sprechen &hellip; <a href="https://altgsgrebenstein.de/?page_id=140" class="more-link"><span class="screen-reader-text">Deutsch</span> weiterlesen <span class="meta-nav">&rarr;</span></a></p>
