{"id":13115,"date":"2021-03-11T13:01:03","date_gmt":"2021-03-11T12:01:03","guid":{"rendered":"http:\/\/altgsgrebenstein.de\/?page_id=13115"},"modified":"2022-01-08T08:42:10","modified_gmt":"2022-01-08T07:42:10","slug":"uebergang-von-der-jahrgangsstufe-4-zu-5","status":"publish","type":"page","link":"https:\/\/altgsgrebenstein.de\/?page_id=13115","title":{"rendered":"\u00dcbergang von der Jahrgangsstufe 4 zu 5"},"content":{"rendered":"<p>Liebe Eltern, liebe Sch\u00fclerinnen und Sch\u00fcler des Jahrgangs 4,<br \/>\nleider l\u00e4sst es die pandemische Lage derzeit noch nicht zu, euch\/Sie pers\u00f6nlich in der Schule zu empfangen.<br \/>\nDennoch m\u00f6chten wir die M\u00f6glichkeit geben, sowohl die Schule als auch die Schulgemeinde kennenzulernen.<br \/>\n<div id=\"wpfp_81d360d771ff42ab64583184a46dcaea\" data-item=\"{&quot;sources&quot;:[{&quot;src&quot;:&quot;http:\\\/\\\/altgsgrebenstein.de\\\/wp-content\\\/uploads\\\/2021\\\/11\\\/TdoT_2021.mp4&quot;,&quot;type&quot;:&quot;video\\\/mp4&quot;}],&quot;id&quot;:&quot;20&quot;,&quot;splash&quot;:&quot;http:\\\/\\\/altgsgrebenstein.de\\\/wp-content\\\/uploads\\\/2021\\\/12\\\/tdot_2021-mp4-1.jpg&quot;}\" class=\"flowplayer no-brand is-splash is-paused skin-slim no-svg fp-slim fp-edgy\" data-fv-embed=\"https:\/\/altgsgrebenstein.de\/?page_id=13115&amp;fv_player_embed=fvp-20\" style=\"position:relative; max-width: 848px; max-height: 480px; \" data-ratio=\"0.566\">\n\t<div class=\"fp-ratio\" style=\"padding-top: 56.6%\"><\/div>\n\t<img decoding=\"async\" class=\"fp-splash\" alt=\"video\" src=\"http:\/\/altgsgrebenstein.de\/wp-content\/uploads\/2021\/12\/tdot_2021-mp4-1.jpg\" style=\"position:absolute;top:0;width:100%\" \/>\n\t<div class=\"fp-ui\"><noscript>Please enable JavaScript<\/noscript><div class=\"fp-play fp-visible\"><svg class=\"fp-play-sharp-fill\" xmlns=\"http:\/\/www.w3.org\/2000\/svg\" viewBox=\"0 0 100 100\"><defs><style>.fp-color-play{opacity:0.65;}.controlbutton{fill:#fff;}<\/style><\/defs><title>play-sharp-fill<\/title><path class=\"fp-color-play\" d=\"M49.9217-.078a50,50,0,1,0,50,50A50.0564,50.0564,0,0,0,49.9217-.078Z\"\/><polygon class=\"controlbutton\" points=\"73.601 50 37.968 70.573 37.968 29.427 73.601 50\" filter=\"url(#f1)\"\/><\/svg><\/div><div class=\"fp-preload\"><b><\/b><b><\/b><b><\/b><b><\/b><\/div><\/div>\n<div class='fvp-share-bar'><ul class=\"fvp-sharing\">\r\n    <li><a class=\"sharing-facebook\" href=\"https:\/\/www.facebook.com\/sharer\/sharer.php?u=https%3A%2F%2Faltgsgrebenstein.de%2F%3Fpage_id%3D13115\" target=\"_blank\"><\/a><\/li>\r\n    <li><a class=\"sharing-twitter\" href=\"https:\/\/twitter.com\/intent\/tweet?text=Heinrich-Grupe-Schule+Grebenstein+&url=https%3A%2F%2Faltgsgrebenstein.de%2F%3Fpage_id%3D13115\" target=\"_blank\"><\/a><\/li>\r\n    <li><a class=\"sharing-email\" href=\"mailto:?body=Check%20out%20the%20amazing%20video%20here%3A%20https%3A%2F%2Faltgsgrebenstein.de%2F%3Fpage_id%3D13115\" target=\"_blank\"><\/a><\/li><\/ul><div><a class=\"sharing-link\" href=\"https:\/\/altgsgrebenstein.de\/?page_id=13115\" target=\"_blank\">Link<\/a><\/div><div><label><a class=\"embed-code-toggle\" href=\"#\"><strong>Embed<\/strong><\/a><\/label><\/div><div class=\"embed-code\"><label>Copy and paste this HTML code into your webpage to embed.<\/label><textarea><\/textarea><\/div><\/div>\n<\/div>\n<br \/>\n<div id=\"wpfp_058d48aa385391a5a8f8de7b0956351d\" data-item=\"{&quot;sources&quot;:[{&quot;src&quot;:&quot;http:\\\/\\\/altgsgrebenstein.de\\\/wp-content\\\/uploads\\\/2020\\\/12\\\/Imagefilm.mp4&quot;,&quot;type&quot;:&quot;video\\\/mp4&quot;}],&quot;id&quot;:&quot;1&quot;,&quot;splash&quot;:&quot;http:\\\/\\\/altgsgrebenstein.de\\\/wp-content\\\/uploads\\\/2020\\\/08\\\/20200819_132822-1.jpg&quot;}\" class=\"flowplayer no-brand is-splash is-paused skin-slim no-svg fp-slim fp-edgy\" data-fv-embed=\"https:\/\/altgsgrebenstein.de\/?page_id=13115&amp;fv_player_embed=fvp-1\" style=\"position:relative; max-width: 640px; max-height: 360px; \" data-ratio=\"0.5625\">\n\t<div class=\"fp-ratio\" style=\"padding-top: 56.25%\"><\/div>\n\t<img decoding=\"async\" class=\"fp-splash\" alt=\"video\" src=\"http:\/\/altgsgrebenstein.de\/wp-content\/uploads\/2020\/08\/20200819_132822-1.jpg\" style=\"position:absolute;top:0;width:100%\" \/>\n\t<div class=\"fp-ui\"><noscript>Please enable JavaScript<\/noscript><div class=\"fp-play fp-visible\"><svg class=\"fp-play-sharp-fill\" xmlns=\"http:\/\/www.w3.org\/2000\/svg\" viewBox=\"0 0 100 100\"><defs><style>.fp-color-play{opacity:0.65;}.controlbutton{fill:#fff;}<\/style><\/defs><title>play-sharp-fill<\/title><path class=\"fp-color-play\" d=\"M49.9217-.078a50,50,0,1,0,50,50A50.0564,50.0564,0,0,0,49.9217-.078Z\"\/><polygon class=\"controlbutton\" points=\"73.601 50 37.968 70.573 37.968 29.427 73.601 50\" filter=\"url(#f1)\"\/><\/svg><\/div><div class=\"fp-preload\"><b><\/b><b><\/b><b><\/b><b><\/b><\/div><\/div>\n<div class='fvp-share-bar'><ul class=\"fvp-sharing\">\r\n    <li><a class=\"sharing-facebook\" href=\"https:\/\/www.facebook.com\/sharer\/sharer.php?u=https%3A%2F%2Faltgsgrebenstein.de%2F%3Fpage_id%3D13115\" target=\"_blank\"><\/a><\/li>\r\n    <li><a class=\"sharing-twitter\" href=\"https:\/\/twitter.com\/intent\/tweet?text=Heinrich-Grupe-Schule+Grebenstein+&url=https%3A%2F%2Faltgsgrebenstein.de%2F%3Fpage_id%3D13115\" target=\"_blank\"><\/a><\/li>\r\n    <li><a class=\"sharing-email\" href=\"mailto:?body=Check%20out%20the%20amazing%20video%20here%3A%20https%3A%2F%2Faltgsgrebenstein.de%2F%3Fpage_id%3D13115\" target=\"_blank\"><\/a><\/li><\/ul><div><a class=\"sharing-link\" href=\"https:\/\/altgsgrebenstein.de\/?page_id=13115\" target=\"_blank\">Link<\/a><\/div><div><label><a class=\"embed-code-toggle\" href=\"#\"><strong>Embed<\/strong><\/a><\/label><\/div><div class=\"embed-code\"><label>Copy and paste this HTML code into your webpage to embed.<\/label><textarea><\/textarea><\/div><\/div>\n<\/div>\n<a href=\"http:\/\/altgsgrebenstein.de\/?page_id=11648\" target=\"_blank\" rel=\"noopener noreferrer\">F\u00fcr weitere Beitr\u00e4ge aus den Fachbereichen und der SV der HGS bitte hier klicken.<\/a><\/p>\n<p>Sozialarbeit in Schule: \u00dcbergang von der Grundschule in die weiterf\u00fchrende Schule<br \/>\n<div id=\"wpfp_d29c8896f515893b0dadd65b67cbd1fe\" data-item=\"{&quot;sources&quot;:[{&quot;src&quot;:&quot;http:\\\/\\\/altgsgrebenstein.de\\\/wp-content\\\/uploads\\\/2021\\\/03\\\/Von-der-Grundschule-in-die-weiterfuehrende-Schule.mp4&quot;,&quot;type&quot;:&quot;video\\\/mp4&quot;}],&quot;id&quot;:&quot;17&quot;,&quot;splash&quot;:&quot;http:\\\/\\\/altgsgrebenstein.de\\\/wp-content\\\/uploads\\\/2021\\\/03\\\/SiS_Film.jpg&quot;}\" class=\"flowplayer no-brand is-splash is-paused skin-slim no-svg fp-slim fp-edgy\" data-fv-embed=\"https:\/\/altgsgrebenstein.de\/?page_id=13115&amp;fv_player_embed=fvp-17\" style=\"position:relative; max-width: 640px; max-height: 360px; \" data-ratio=\"0.5625\">\n\t<div class=\"fp-ratio\" style=\"padding-top: 56.25%\"><\/div>\n\t<img decoding=\"async\" class=\"fp-splash\" alt=\"video\" src=\"http:\/\/altgsgrebenstein.de\/wp-content\/uploads\/2021\/03\/SiS_Film.jpg\" style=\"position:absolute;top:0;width:100%\" \/>\n\t<div class=\"fp-ui\"><noscript>Please enable JavaScript<\/noscript><div class=\"fp-play fp-visible\"><svg class=\"fp-play-sharp-fill\" xmlns=\"http:\/\/www.w3.org\/2000\/svg\" viewBox=\"0 0 100 100\"><defs><style>.fp-color-play{opacity:0.65;}.controlbutton{fill:#fff;}<\/style><\/defs><title>play-sharp-fill<\/title><path class=\"fp-color-play\" d=\"M49.9217-.078a50,50,0,1,0,50,50A50.0564,50.0564,0,0,0,49.9217-.078Z\"\/><polygon class=\"controlbutton\" points=\"73.601 50 37.968 70.573 37.968 29.427 73.601 50\" filter=\"url(#f1)\"\/><\/svg><\/div><div class=\"fp-preload\"><b><\/b><b><\/b><b><\/b><b><\/b><\/div><\/div>\n<div class='fvp-share-bar'><ul class=\"fvp-sharing\">\r\n    <li><a class=\"sharing-facebook\" href=\"https:\/\/www.facebook.com\/sharer\/sharer.php?u=https%3A%2F%2Faltgsgrebenstein.de%2F%3Fpage_id%3D13115\" target=\"_blank\"><\/a><\/li>\r\n    <li><a class=\"sharing-twitter\" href=\"https:\/\/twitter.com\/intent\/tweet?text=Heinrich-Grupe-Schule+Grebenstein+&url=https%3A%2F%2Faltgsgrebenstein.de%2F%3Fpage_id%3D13115\" target=\"_blank\"><\/a><\/li>\r\n    <li><a class=\"sharing-email\" href=\"mailto:?body=Check%20out%20the%20amazing%20video%20here%3A%20https%3A%2F%2Faltgsgrebenstein.de%2F%3Fpage_id%3D13115\" target=\"_blank\"><\/a><\/li><\/ul><div><a class=\"sharing-link\" href=\"https:\/\/altgsgrebenstein.de\/?page_id=13115\" target=\"_blank\">Link<\/a><\/div><div><label><a class=\"embed-code-toggle\" href=\"#\"><strong>Embed<\/strong><\/a><\/label><\/div><div class=\"embed-code\"><label>Copy and paste this HTML code into your webpage to embed.<\/label><textarea><\/textarea><\/div><\/div>\n<\/div>\n<\/p>\n","protected":false},"excerpt":{"rendered":"<p>Liebe Eltern, liebe Sch\u00fclerinnen und Sch\u00fcler des Jahrgangs 4, leider l\u00e4sst es die pandemische Lage derzeit noch nicht zu, euch\/Sie pers\u00f6nlich in der Schule zu empfangen. Dennoch m\u00f6chten wir die M\u00f6glichkeit geben, sowohl die Schule als auch die Schulgemeinde kennenzulernen. F\u00fcr weitere Beitr\u00e4ge aus den Fachbereichen und der SV der HGS bitte hier klicken. Sozialarbeit &hellip; <a href=\"https:\/\/altgsgrebenstein.de\/?page_id=13115\" class=\"more-link\"><span class=\"screen-reader-text\">\u00dcbergang von der Jahrgangsstufe 4 zu 5<\/span> weiterlesen <span class=\"meta-nav\">&rarr;<\/span><\/a><\/p>\n","protected":false},"author":9,"featured_media":0,"parent":0,"menu_order":0,"comment_status":"closed","ping_status":"closed","template":"","meta":{"saved_in_kubio":false,"footnotes":""},"class_list":["post-13115","page","type-page","status-publish","hentry"],"kubio_ai_page_context":{"short_desc":"","purpose":"general"},"_links":{"self":[{"href":"https:\/\/altgsgrebenstein.de\/index.php?rest_route=\/wp\/v2\/pages\/13115","targetHints":{"allow":["GET"]}}],"collection":[{"href":"https:\/\/altgsgrebenstein.de\/index.php?rest_route=\/wp\/v2\/pages"}],"about":[{"href":"https:\/\/altgsgrebenstein.de\/index.php?rest_route=\/wp\/v2\/types\/page"}],"author":[{"embeddable":true,"href":"https:\/\/altgsgrebenstein.de\/index.php?rest_route=\/wp\/v2\/users\/9"}],"replies":[{"embeddable":true,"href":"https:\/\/altgsgrebenstein.de\/index.php?rest_route=%2Fwp%2Fv2%2Fcomments&post=13115"}],"version-history":[{"count":6,"href":"https:\/\/altgsgrebenstein.de\/index.php?rest_route=\/wp\/v2\/pages\/13115\/revisions"}],"predecessor-version":[{"id":14095,"href":"https:\/\/altgsgrebenstein.de\/index.php?rest_route=\/wp\/v2\/pages\/13115\/revisions\/14095"}],"wp:attachment":[{"href":"https:\/\/altgsgrebenstein.de\/index.php?rest_route=%2Fwp%2Fv2%2Fmedia&parent=13115"}],"curies":[{"name":"wp","href":"https:\/\/api.w.org\/{rel}","templated":true}]}}

Übergang von der Jahrgangsstufe 4 zu 5

<p>Liebe Eltern, liebe Schülerinnen und Schüler des Jahrgangs 4,<br />
leider lässt es die pandemische Lage derzeit noch nicht zu, euch/Sie persönlich in der Schule zu empfangen.<br />
Dennoch möchten wir die Möglichkeit geben, sowohl die Schule als auch die Schulgemeinde kennenzulernen.<br />
<div id="wpfp_81d360d771ff42ab64583184a46dcaea" data-item="{&quot;sources&quot;:[{&quot;src&quot;:&quot;http:\/\/altgsgrebenstein.de\/wp-content\/uploads\/2021\/11\/TdoT_2021.mp4&quot;,&quot;type&quot;:&quot;video\/mp4&quot;}],&quot;id&quot;:&quot;20&quot;,&quot;splash&quot;:&quot;http:\/\/altgsgrebenstein.de\/wp-content\/uploads\/2021\/12\/tdot_2021-mp4-1.jpg&quot;}" class="flowplayer no-brand is-splash is-paused skin-slim no-svg fp-slim fp-edgy" data-fv-embed="https://altgsgrebenstein.de/?page_id=13115&amp;fv_player_embed=fvp-20" style="position:relative; max-width: 848px; max-height: 480px; " data-ratio="0.566">
	<div class="fp-ratio" style="padding-top: 56.6%"></div>
	<img decoding="async" class="fp-splash" alt="video" src="http://altgsgrebenstein.de/wp-content/uploads/2021/12/tdot_2021-mp4-1.jpg" style="position:absolute;top:0;width:100%" />
	<div class="fp-ui"><noscript>Please enable JavaScript</noscript><div class="fp-play fp-visible"><svg class="fp-play-sharp-fill" xmlns="http://www.w3.org/2000/svg" viewBox="0 0 100 100"><defs><style>.fp-color-play{opacity:0.65;}.controlbutton{fill:#fff;}</style></defs><title>play-sharp-fill</title><path class="fp-color-play" d="M49.9217-.078a50,50,0,1,0,50,50A50.0564,50.0564,0,0,0,49.9217-.078Z"/><polygon class="controlbutton" points="73.601 50 37.968 70.573 37.968 29.427 73.601 50" filter="url(#f1)"/></svg></div><div class="fp-preload"><b></b><b></b><b></b><b></b></div></div>
<div class='fvp-share-bar'><ul class="fvp-sharing">
    <li><a class="sharing-facebook" href="https://www.facebook.com/sharer/sharer.php?u=https%3A%2F%2Faltgsgrebenstein.de%2F%3Fpage_id%3D13115" target="_blank"></a></li>
    <li><a class="sharing-twitter" href="https://twitter.com/intent/tweet?text=Heinrich-Grupe-Schule+Grebenstein+&url=https%3A%2F%2Faltgsgrebenstein.de%2F%3Fpage_id%3D13115" target="_blank"></a></li>
    <li><a class="sharing-email" href="mailto:?body=Check%20out%20the%20amazing%20video%20here%3A%20https%3A%2F%2Faltgsgrebenstein.de%2F%3Fpage_id%3D13115" target="_blank"></a></li></ul><div><a class="sharing-link" href="https://altgsgrebenstein.de/?page_id=13115" target="_blank">Link</a></div><div><label><a class="embed-code-toggle" href="#"><strong>Embed</strong></a></label></div><div class="embed-code"><label>Copy and paste this HTML code into your webpage to embed.</label><textarea></textarea></div></div>
</div>
<br />
<div id="wpfp_058d48aa385391a5a8f8de7b0956351d" data-item="{&quot;sources&quot;:[{&quot;src&quot;:&quot;http:\/\/altgsgrebenstein.de\/wp-content\/uploads\/2020\/12\/Imagefilm.mp4&quot;,&quot;type&quot;:&quot;video\/mp4&quot;}],&quot;id&quot;:&quot;1&quot;,&quot;splash&quot;:&quot;http:\/\/altgsgrebenstein.de\/wp-content\/uploads\/2020\/08\/20200819_132822-1.jpg&quot;}" class="flowplayer no-brand is-splash is-paused skin-slim no-svg fp-slim fp-edgy" data-fv-embed="https://altgsgrebenstein.de/?page_id=13115&amp;fv_player_embed=fvp-1" style="position:relative; max-width: 640px; max-height: 360px; " data-ratio="0.5625">
	<div class="fp-ratio" style="padding-top: 56.25%"></div>
	<img decoding="async" class="fp-splash" alt="video" src="http://altgsgrebenstein.de/wp-content/uploads/2020/08/20200819_132822-1.jpg" style="position:absolute;top:0;width:100%" />
	<div class="fp-ui"><noscript>Please enable JavaScript</noscript><div class="fp-play fp-visible"><svg class="fp-play-sharp-fill" xmlns="http://www.w3.org/2000/svg" viewBox="0 0 100 100"><defs><style>.fp-color-play{opacity:0.65;}.controlbutton{fill:#fff;}</style></defs><title>play-sharp-fill</title><path class="fp-color-play" d="M49.9217-.078a50,50,0,1,0,50,50A50.0564,50.0564,0,0,0,49.9217-.078Z"/><polygon class="controlbutton" points="73.601 50 37.968 70.573 37.968 29.427 73.601 50" filter="url(#f1)"/></svg></div><div class="fp-preload"><b></b><b></b><b></b><b></b></div></div>
<div class='fvp-share-bar'><ul class="fvp-sharing">
    <li><a class="sharing-facebook" href="https://www.facebook.com/sharer/sharer.php?u=https%3A%2F%2Faltgsgrebenstein.de%2F%3Fpage_id%3D13115" target="_blank"></a></li>
    <li><a class="sharing-twitter" href="https://twitter.com/intent/tweet?text=Heinrich-Grupe-Schule+Grebenstein+&url=https%3A%2F%2Faltgsgrebenstein.de%2F%3Fpage_id%3D13115" target="_blank"></a></li>
    <li><a class="sharing-email" href="mailto:?body=Check%20out%20the%20amazing%20video%20here%3A%20https%3A%2F%2Faltgsgrebenstein.de%2F%3Fpage_id%3D13115" target="_blank"></a></li></ul><div><a class="sharing-link" href="https://altgsgrebenstein.de/?page_id=13115" target="_blank">Link</a></div><div><label><a class="embed-code-toggle" href="#"><strong>Embed</strong></a></label></div><div class="embed-code"><label>Copy and paste this HTML code into your webpage to embed.</label><textarea></textarea></div></div>
</div>
<a href="http://altgsgrebenstein.de/?page_id=11648" target="_blank" rel="noopener noreferrer">Für weitere Beiträge aus den Fachbereichen und der SV der HGS bitte hier klicken.</a></p>
<p>Sozialarbeit in Schule: Übergang von der Grundschule in die weiterführende Schule<br />
<div id="wpfp_d29c8896f515893b0dadd65b67cbd1fe" data-item="{&quot;sources&quot;:[{&quot;src&quot;:&quot;http:\/\/altgsgrebenstein.de\/wp-content\/uploads\/2021\/03\/Von-der-Grundschule-in-die-weiterfuehrende-Schule.mp4&quot;,&quot;type&quot;:&quot;video\/mp4&quot;}],&quot;id&quot;:&quot;17&quot;,&quot;splash&quot;:&quot;http:\/\/altgsgrebenstein.de\/wp-content\/uploads\/2021\/03\/SiS_Film.jpg&quot;}" class="flowplayer no-brand is-splash is-paused skin-slim no-svg fp-slim fp-edgy" data-fv-embed="https://altgsgrebenstein.de/?page_id=13115&amp;fv_player_embed=fvp-17" style="position:relative; max-width: 640px; max-height: 360px; " data-ratio="0.5625">
	<div class="fp-ratio" style="padding-top: 56.25%"></div>
	<img decoding="async" class="fp-splash" alt="video" src="http://altgsgrebenstein.de/wp-content/uploads/2021/03/SiS_Film.jpg" style="position:absolute;top:0;width:100%" />
	<div class="fp-ui"><noscript>Please enable JavaScript</noscript><div class="fp-play fp-visible"><svg class="fp-play-sharp-fill" xmlns="http://www.w3.org/2000/svg" viewBox="0 0 100 100"><defs><style>.fp-color-play{opacity:0.65;}.controlbutton{fill:#fff;}</style></defs><title>play-sharp-fill</title><path class="fp-color-play" d="M49.9217-.078a50,50,0,1,0,50,50A50.0564,50.0564,0,0,0,49.9217-.078Z"/><polygon class="controlbutton" points="73.601 50 37.968 70.573 37.968 29.427 73.601 50" filter="url(#f1)"/></svg></div><div class="fp-preload"><b></b><b></b><b></b><b></b></div></div>
<div class='fvp-share-bar'><ul class="fvp-sharing">
    <li><a class="sharing-facebook" href="https://www.facebook.com/sharer/sharer.php?u=https%3A%2F%2Faltgsgrebenstein.de%2F%3Fpage_id%3D13115" target="_blank"></a></li>
    <li><a class="sharing-twitter" href="https://twitter.com/intent/tweet?text=Heinrich-Grupe-Schule+Grebenstein+&url=https%3A%2F%2Faltgsgrebenstein.de%2F%3Fpage_id%3D13115" target="_blank"></a></li>
    <li><a class="sharing-email" href="mailto:?body=Check%20out%20the%20amazing%20video%20here%3A%20https%3A%2F%2Faltgsgrebenstein.de%2F%3Fpage_id%3D13115" target="_blank"></a></li></ul><div><a class="sharing-link" href="https://altgsgrebenstein.de/?page_id=13115" target="_blank">Link</a></div><div><label><a class="embed-code-toggle" href="#"><strong>Embed</strong></a></label></div><div class="embed-code"><label>Copy and paste this HTML code into your webpage to embed.</label><textarea></textarea></div></div>
</div>
</p>

<p>Liebe Eltern, liebe Schülerinnen und Schüler des Jahrgangs 4, leider lässt es die pandemische Lage derzeit noch nicht zu, euch/Sie persönlich in der Schule zu empfangen. Dennoch möchten wir die Möglichkeit geben, sowohl die Schule als auch die Schulgemeinde kennenzulernen. Für weitere Beiträge aus den Fachbereichen und der SV der HGS bitte hier klicken. Sozialarbeit &hellip; <a href="https://altgsgrebenstein.de/?page_id=13115" class="more-link"><span class="screen-reader-text">Übergang von der Jahrgangsstufe 4 zu 5</span> weiterlesen <span class="meta-nav">&rarr;</span></a></p>
