{"id":1159,"date":"2016-10-07T10:05:46","date_gmt":"2016-10-07T08:05:46","guid":{"rendered":"http:\/\/www.gsgrebenstein.net\/wordpress\/?page_id=1159"},"modified":"2020-12-17T23:03:11","modified_gmt":"2020-12-17T22:03:11","slug":"fachraeume","status":"publish","type":"page","link":"https:\/\/altgsgrebenstein.de\/?page_id=1159","title":{"rendered":"Fachr\u00e4ume"},"content":{"rendered":"<p><strong>Der Arbeitslehreunterricht (Pflichtunterricht &amp; Wahlpflichtunterricht) <\/strong>an der HGS findet \u00fcberwiegend in den<strong> spezifischen Fachr\u00e4umen <\/strong>statt.<\/p>\n<p><span style=\"text-decoration: underline;\">Dazu geh\u00f6ren:<\/span><\/p>\n<ul>\n<li><strong>Fachraum Lehrk\u00fcche<\/strong><\/li>\n<li><strong>Fachraum &#8222;Holz&#8220;<\/strong> (Holzwerkstatt)<\/li>\n<li><strong>Fachraum &#8222;Metall&#8220;<\/strong> (Metallwerkstatt)<\/li>\n<li><strong>Fachraum &#8222;Textil&#8220;<\/strong> &#8211; Multifunktionsraum<\/li>\n<li><strong>Computerr\u00e4ume<\/strong><\/li>\n<\/ul>\n<p>&nbsp;<\/p>\n<p>&nbsp;<\/p>\n","protected":false},"excerpt":{"rendered":"<p>Der Arbeitslehreunterricht (Pflichtunterricht &amp; Wahlpflichtunterricht) an der HGS findet \u00fcberwiegend in den spezifischen Fachr\u00e4umen statt. Dazu geh\u00f6ren: Fachraum Lehrk\u00fcche Fachraum &#8222;Holz&#8220; (Holzwerkstatt) Fachraum &#8222;Metall&#8220; (Metallwerkstatt) Fachraum &#8222;Textil&#8220; &#8211; Multifunktionsraum Computerr\u00e4ume &nbsp; &nbsp;<\/p>\n","protected":false},"author":9,"featured_media":0,"parent":0,"menu_order":0,"comment_status":"closed","ping_status":"closed","template":"","meta":{"saved_in_kubio":false,"footnotes":""},"class_list":["post-1159","page","type-page","status-publish","hentry"],"kubio_ai_page_context":{"short_desc":"","purpose":"general"},"_links":{"self":[{"href":"https:\/\/altgsgrebenstein.de\/index.php?rest_route=\/wp\/v2\/pages\/1159","targetHints":{"allow":["GET"]}}],"collection":[{"href":"https:\/\/altgsgrebenstein.de\/index.php?rest_route=\/wp\/v2\/pages"}],"about":[{"href":"https:\/\/altgsgrebenstein.de\/index.php?rest_route=\/wp\/v2\/types\/page"}],"author":[{"embeddable":true,"href":"https:\/\/altgsgrebenstein.de\/index.php?rest_route=\/wp\/v2\/users\/9"}],"replies":[{"embeddable":true,"href":"https:\/\/altgsgrebenstein.de\/index.php?rest_route=%2Fwp%2Fv2%2Fcomments&post=1159"}],"version-history":[{"count":1,"href":"https:\/\/altgsgrebenstein.de\/index.php?rest_route=\/wp\/v2\/pages\/1159\/revisions"}],"predecessor-version":[{"id":11990,"href":"https:\/\/altgsgrebenstein.de\/index.php?rest_route=\/wp\/v2\/pages\/1159\/revisions\/11990"}],"wp:attachment":[{"href":"https:\/\/altgsgrebenstein.de\/index.php?rest_route=%2Fwp%2Fv2%2Fmedia&parent=1159"}],"curies":[{"name":"wp","href":"https:\/\/api.w.org\/{rel}","templated":true}]}}

Fachräume

<p><strong>Der Arbeitslehreunterricht (Pflichtunterricht &amp; Wahlpflichtunterricht) </strong>an der HGS findet überwiegend in den<strong> spezifischen Fachräumen </strong>statt.</p>
<p><span style="text-decoration: underline;">Dazu gehören:</span></p>
<ul>
<li><strong>Fachraum Lehrküche</strong></li>
<li><strong>Fachraum &#8222;Holz&#8220;</strong> (Holzwerkstatt)</li>
<li><strong>Fachraum &#8222;Metall&#8220;</strong> (Metallwerkstatt)</li>
<li><strong>Fachraum &#8222;Textil&#8220;</strong> &#8211; Multifunktionsraum</li>
<li><strong>Computerräume</strong></li>
</ul>
<p>&nbsp;</p>
<p>&nbsp;</p>

<p>Der Arbeitslehreunterricht (Pflichtunterricht &amp; Wahlpflichtunterricht) an der HGS findet überwiegend in den spezifischen Fachräumen statt. Dazu gehören: Fachraum Lehrküche Fachraum &#8222;Holz&#8220; (Holzwerkstatt) Fachraum &#8222;Metall&#8220; (Metallwerkstatt) Fachraum &#8222;Textil&#8220; &#8211; Multifunktionsraum Computerräume &nbsp; &nbsp;</p>
