{"id":132,"date":"2016-06-19T12:19:41","date_gmt":"2016-06-19T12:19:41","guid":{"rendered":"http:\/\/wordpress.gsgrebenstein.net\/?page_id=132"},"modified":"2022-05-19T08:55:57","modified_gmt":"2022-05-19T07:55:57","slug":"it-medienkompetenz","status":"publish","type":"page","link":"http:\/\/altgsgrebenstein.de\/?page_id=132","title":{"rendered":"IT &#8211; Medienkompetenz"},"content":{"rendered":"<div class=\"article-content\">\n<div class=\"page\" title=\"Page 2\">\n<div class=\"section\"><span style=\"font-family: verdana, geneva, sans-serif; font-size: 10pt;\">Medienkompetenz und der Zugang zu den Ressourcen der Informationsgesellschaft wird in der \u00d6ffentlichkeit als ein zentrales Ziel in der gegenw\u00e4rtigen schulischen Ausbildung angesehen. Informationstechnologie ist im Alltag stets pr\u00e4sent und hat mit dem Internet auch ein neues Massenmedium innerhalb der letzten Jahre erschlossen, welches aktuell in der Diskussion zu neuen Nutzungsm\u00f6glichkeiten f\u00fchrt, z.B. Web 2.0.<br \/>\nDer Zugang zu Medien, die M\u00f6glichkeit Inhalte zu publizieren und zu konsumieren, entwickelt sich durch Web 2.01 zu einer Mehrwegbeziehung. Auf diese Entwicklungen hat die HGS reagiert, indem die sachlichen und inhaltlichen Voraussetzungen in Verbindung mit dem Schultr\u00e4ger kooperativ realisiert wurden. <\/span><span style=\"font-family: verdana, geneva, sans-serif; font-size: 10pt;\">Die HGS Grebenstein verfolgt in der Medienerziehung einen eigenen Weg. Da wir seit Jahren in besonderer Weise durch einen hohen Ausstattungsstandard Medienkompetenzen in allen F\u00e4chern vermitteln, haben wir uns nach vielen \u00dcberlegungen entschlossen, den Wahlpflichtbereich zu erweitern. Dazu wurde das verpflichtende Angebot MediKo eingef\u00fchrt und in den Jahrg\u00e4ngen 5 verankert.<\/span><br \/>\n<span style=\"font-family: verdana, geneva, sans-serif; font-size: 10pt;\">Ziel ist es, allen neuen Sch\u00fclerinnen und Sch\u00fclern zun\u00e4chst eine achtw\u00f6chige Grundschulung im Bereich des Schulnetzwerkes und eine Einf\u00fchrung in wichtige Anwendungsprogramme zu bieten. Diese schlie\u00dft mit einem ersten Zertifikat ab. Das Curriculum f\u00fcr die Jahrgangsstufe\u00a05 umfasst u.a. folgende Inhalte:<\/span><\/p>\n<ul style=\"list-style-type: square;\">\n<li>Hardwarekenntnisse (Aufbau eines PC\u00b4s)<\/li>\n<li>Zugangsdaten nutzen (Netzwerkanmeldung, Moodle)<\/li>\n<li>Erstellen von Dateien mit Basisanwendungen (Text, Text + Bild, Pr\u00e4sentationen)<\/li>\n<li>Dateien im Schulnetzwerk speichern<\/li>\n<li>Datensicherheit im Internet (Einstieg)<\/li>\n<\/ul>\n<p>Das Medienbildungskonzept der HGS wird derzeit \u00fcberarbeitet.<br \/>\nDen aktuellen Stand finden Sie hier:<br \/>\n<a href=\"http:\/\/altgsgrebenstein.de\/wp-content\/uploads\/2022\/05\/Medienbildungskonzept_HGS_Stand_Feb_22.pdf\">Medienbildungskonzept_HGS_Stand_Feb_22<\/a><\/p>\n<\/div>\n<\/div>\n<\/div>\n","protected":false},"excerpt":{"rendered":"<p>Medienkompetenz und der Zugang zu den Ressourcen der Informationsgesellschaft wird in der \u00d6ffentlichkeit als ein zentrales Ziel in der gegenw\u00e4rtigen schulischen Ausbildung angesehen. Informationstechnologie ist im Alltag stets pr\u00e4sent und hat mit dem Internet auch ein neues Massenmedium innerhalb der letzten Jahre erschlossen, welches aktuell in der Diskussion zu neuen Nutzungsm\u00f6glichkeiten f\u00fchrt, z.B. Web 2.0. &hellip; <a href=\"http:\/\/altgsgrebenstein.de\/?page_id=132\" class=\"more-link\"><span class=\"screen-reader-text\">IT &#8211; Medienkompetenz<\/span> weiterlesen <span class=\"meta-nav\">&rarr;<\/span><\/a><\/p>\n","protected":false},"author":9,"featured_media":0,"parent":0,"menu_order":0,"comment_status":"closed","ping_status":"closed","template":"","meta":{"saved_in_kubio":false,"footnotes":""},"class_list":["post-132","page","type-page","status-publish","hentry"],"kubio_ai_page_context":{"short_desc":"","purpose":"general"},"_links":{"self":[{"href":"http:\/\/altgsgrebenstein.de\/index.php?rest_route=\/wp\/v2\/pages\/132","targetHints":{"allow":["GET"]}}],"collection":[{"href":"http:\/\/altgsgrebenstein.de\/index.php?rest_route=\/wp\/v2\/pages"}],"about":[{"href":"http:\/\/altgsgrebenstein.de\/index.php?rest_route=\/wp\/v2\/types\/page"}],"author":[{"embeddable":true,"href":"http:\/\/altgsgrebenstein.de\/index.php?rest_route=\/wp\/v2\/users\/9"}],"replies":[{"embeddable":true,"href":"http:\/\/altgsgrebenstein.de\/index.php?rest_route=%2Fwp%2Fv2%2Fcomments&post=132"}],"version-history":[{"count":6,"href":"http:\/\/altgsgrebenstein.de\/index.php?rest_route=\/wp\/v2\/pages\/132\/revisions"}],"predecessor-version":[{"id":14451,"href":"http:\/\/altgsgrebenstein.de\/index.php?rest_route=\/wp\/v2\/pages\/132\/revisions\/14451"}],"wp:attachment":[{"href":"http:\/\/altgsgrebenstein.de\/index.php?rest_route=%2Fwp%2Fv2%2Fmedia&parent=132"}],"curies":[{"name":"wp","href":"https:\/\/api.w.org\/{rel}","templated":true}]}}

<div class="article-content">
<div class="page" title="Page 2">
<div class="section"><span style="font-family: verdana, geneva, sans-serif; font-size: 10pt;">Medienkompetenz und der Zugang zu den Ressourcen der Informationsgesellschaft wird in der Öffentlichkeit als ein zentrales Ziel in der gegenwärtigen schulischen Ausbildung angesehen. Informationstechnologie ist im Alltag stets präsent und hat mit dem Internet auch ein neues Massenmedium innerhalb der letzten Jahre erschlossen, welches aktuell in der Diskussion zu neuen Nutzungsmöglichkeiten führt, z.B. Web 2.0.<br />
Der Zugang zu Medien, die Möglichkeit Inhalte zu publizieren und zu konsumieren, entwickelt sich durch Web 2.01 zu einer Mehrwegbeziehung. Auf diese Entwicklungen hat die HGS reagiert, indem die sachlichen und inhaltlichen Voraussetzungen in Verbindung mit dem Schulträger kooperativ realisiert wurden. </span><span style="font-family: verdana, geneva, sans-serif; font-size: 10pt;">Die HGS Grebenstein verfolgt in der Medienerziehung einen eigenen Weg. Da wir seit Jahren in besonderer Weise durch einen hohen Ausstattungsstandard Medienkompetenzen in allen Fächern vermitteln, haben wir uns nach vielen Überlegungen entschlossen, den Wahlpflichtbereich zu erweitern. Dazu wurde das verpflichtende Angebot MediKo eingeführt und in den Jahrgängen 5 verankert.</span><br />
<span style="font-family: verdana, geneva, sans-serif; font-size: 10pt;">Ziel ist es, allen neuen Schülerinnen und Schülern zunächst eine achtwöchige Grundschulung im Bereich des Schulnetzwerkes und eine Einführung in wichtige Anwendungsprogramme zu bieten. Diese schließt mit einem ersten Zertifikat ab. Das Curriculum für die Jahrgangsstufe 5 umfasst u.a. folgende Inhalte:</span></p>
<ul style="list-style-type: square;">
<li>Hardwarekenntnisse (Aufbau eines PC´s)</li>
<li>Zugangsdaten nutzen (Netzwerkanmeldung, Moodle)</li>
<li>Erstellen von Dateien mit Basisanwendungen (Text, Text + Bild, Präsentationen)</li>
<li>Dateien im Schulnetzwerk speichern</li>
<li>Datensicherheit im Internet (Einstieg)</li>
</ul>
<p>Das Medienbildungskonzept der HGS wird derzeit überarbeitet.<br />
Den aktuellen Stand finden Sie hier:<br />
<a href="http://altgsgrebenstein.de/wp-content/uploads/2022/05/Medienbildungskonzept_HGS_Stand_Feb_22.pdf">Medienbildungskonzept_HGS_Stand_Feb_22</a></p>
</div>
</div>
</div>

<p>Medienkompetenz und der Zugang zu den Ressourcen der Informationsgesellschaft wird in der Öffentlichkeit als ein zentrales Ziel in der gegenwärtigen schulischen Ausbildung angesehen. Informationstechnologie ist im Alltag stets präsent und hat mit dem Internet auch ein neues Massenmedium innerhalb der letzten Jahre erschlossen, welches aktuell in der Diskussion zu neuen Nutzungsmöglichkeiten führt, z.B. Web 2.0. &hellip; <a href="http://altgsgrebenstein.de/?page_id=132" class="more-link"><span class="screen-reader-text">IT &#8211; Medienkompetenz</span> weiterlesen <span class="meta-nav">&rarr;</span></a></p>
